{"id":3954,"date":"2019-02-22T12:56:46","date_gmt":"2019-02-22T11:56:46","guid":{"rendered":"http:\/\/blog.fh-kaernten.at\/ingmarsretro\/?page_id=3954"},"modified":"2021-11-03T08:59:35","modified_gmt":"2021-11-03T07:59:35","slug":"was-fehlt-noch-wonach-ich-noch-suche","status":"publish","type":"page","link":"https:\/\/blog.fh-kaernten.at\/ingmarsretro\/was-fehlt-noch-wonach-ich-noch-suche\/","title":{"rendered":"Was fehlt noch ? &#8211; wonach ich suche&#8230;"},"content":{"rendered":"<div class=\"pvc_clear\"><\/div>\n<p id=\"pvc_stats_3954\" class=\"pvc_stats all  \" data-element-id=\"3954\" style=\"\"><i class=\"pvc-stats-icon medium\" aria-hidden=\"true\"><svg aria-hidden=\"true\" focusable=\"false\" data-prefix=\"far\" data-icon=\"chart-bar\" role=\"img\" xmlns=\"http:\/\/www.w3.org\/2000\/svg\" viewBox=\"0 0 512 512\" class=\"svg-inline--fa fa-chart-bar fa-w-16 fa-2x\"><path fill=\"currentColor\" d=\"M396.8 352h22.4c6.4 0 12.8-6.4 12.8-12.8V108.8c0-6.4-6.4-12.8-12.8-12.8h-22.4c-6.4 0-12.8 6.4-12.8 12.8v230.4c0 6.4 6.4 12.8 12.8 12.8zm-192 0h22.4c6.4 0 12.8-6.4 12.8-12.8V140.8c0-6.4-6.4-12.8-12.8-12.8h-22.4c-6.4 0-12.8 6.4-12.8 12.8v198.4c0 6.4 6.4 12.8 12.8 12.8zm96 0h22.4c6.4 0 12.8-6.4 12.8-12.8V204.8c0-6.4-6.4-12.8-12.8-12.8h-22.4c-6.4 0-12.8 6.4-12.8 12.8v134.4c0 6.4 6.4 12.8 12.8 12.8zM496 400H48V80c0-8.84-7.16-16-16-16H16C7.16 64 0 71.16 0 80v336c0 17.67 14.33 32 32 32h464c8.84 0 16-7.16 16-16v-16c0-8.84-7.16-16-16-16zm-387.2-48h22.4c6.4 0 12.8-6.4 12.8-12.8v-70.4c0-6.4-6.4-12.8-12.8-12.8h-22.4c-6.4 0-12.8 6.4-12.8 12.8v70.4c0 6.4 6.4 12.8 12.8 12.8z\" class=\"\"><\/path><\/svg><\/i> <img decoding=\"async\" width=\"16\" height=\"16\" alt=\"Loading\" src=\"https:\/\/blog.fh-kaernten.at\/ingmarsretro\/wp-content\/plugins\/page-views-count\/ajax-loader-2x.gif\" border=0 \/><\/p>\n<div class=\"pvc_clear\"><\/div>\n<p style=\"text-align: justify\">Die Retrosammlung w\u00e4chst sehr langsam aber stetig. St\u00e4ndig bin ich auf diversen Internetportalen auf der Suche nach neuen Exemplaren. Vorallem suche ich Exemplare, die ich als Kind oder Jugendlicher einst selbst besessen habe. Aber ich suche auch Objekte, die zur Vervollst\u00e4ndigung einer Sammlung beitragen. Leider ist es teilweise sehr schwer an Exemplare heranzukommen, ohne gleich Unsummen daf\u00fcr investieren zu m\u00fcssen. Darum habe ich mir gedacht, diese Seite hier zu erstellen und eine Liste mit Objekten zu posten, die in der Sammlung fehlen bzw. auf deren Suche ich nach wie vor bin.<\/p>\n<div id=\"attachment_3958\" style=\"width: 310px\" class=\"wp-caption aligncenter\"><a href=\"https:\/\/blog.fh-kaernten.at\/ingmarsretro\/files\/2019\/02\/retrocomputer.jpg\"><img fetchpriority=\"high\" decoding=\"async\" aria-describedby=\"caption-attachment-3958\" class=\"wp-image-3958 size-medium\" src=\"https:\/\/blog.fh-kaernten.at\/ingmarsretro\/files\/2019\/02\/retrocomputer-e1550836423503-300x207.jpg\" alt=\"\" width=\"300\" height=\"207\" srcset=\"https:\/\/blog.fh-kaernten.at\/ingmarsretro\/files\/2019\/02\/retrocomputer-e1550836423503-300x207.jpg 300w, https:\/\/blog.fh-kaernten.at\/ingmarsretro\/files\/2019\/02\/retrocomputer-e1550836423503-768x530.jpg 768w, https:\/\/blog.fh-kaernten.at\/ingmarsretro\/files\/2019\/02\/retrocomputer-e1550836423503-1024x706.jpg 1024w\" sizes=\"(max-width: 300px) 100vw, 300px\" \/><\/a><p id=\"caption-attachment-3958\" class=\"wp-caption-text\">Commodore Computer<\/p><\/div>\n<p style=\"text-align: justify\">Wenn also irgend jemand ein Exemplar dieser Liste bei sich im Keller oder am Dachboden findet und es loswerden und es vielleicht sogar spenden m\u00f6chte, dann w\u00fcrde ich mich sehr freuen. Ich werde nat\u00fcrlich dann auch einen Blogbeitrag daraus erstellen und wenn es der&nbsp; Spender ( \ud83d\ude09 ) m\u00f6chte, ihn auch namentlich im Beitrag erw\u00e4hnen.<\/p>\n<p>Hier also die Liste mit Exponaten auf deren Suche ich bin:<\/p>\n<p><em><strong>Komplette Ger\u00e4te:<\/strong><\/em><\/p>\n<ul>\n<li><del>Sinclair ZX-Spectrum<\/del><\/li>\n<li>Sinclair ZX-80<\/li>\n<li>Sinclair ZX-81 \/ <del>Timex TS1000<\/del><\/li>\n<li>Sinclair QL<\/li>\n<li><del>Commodore VIC20<\/del><\/li>\n<li><del>Commodore 128<\/del><\/li>\n<li><del>Commodore Plus4<\/del><\/li>\n<li>Commodore Floppy 1551<\/li>\n<li><del>Vectrex Arcade Video Game System<\/del><\/li>\n<li><del>Galaxy II Tabletop Arcade Game<\/del><\/li>\n<li>SONY TCM5000EV (Portable Cassettenrecorder)<\/li>\n<li>SONY TC-510 (Portable Bandrecorder)<\/li>\n<li>CASIO FX-880p (generell CASIO Pocketcomputer)<\/li>\n<li>Videocamcorder JVC-GR-C7 (Videocamcorder VHS-C Videomovie aus 1984-86)<\/li>\n<li>SONY Video8 Camcorder CCD-V3 (Camcorder aus ca. Mitte\/Ende der 1980ger)<\/li>\n<li>PHILIPS DCC170&nbsp; (Portable DCC Recorder)<\/li>\n<li>PHILIPS PHILETTA B2D03A (R\u00f6hrenradio) oder<\/li>\n<li>PHILIPS PHILETTA B2D93A (R\u00f6hrenradio ca. 1959\/60)<\/li>\n<\/ul>\n<p><em><strong>Ersatzteile \/ ICs und diverse:<\/strong><\/em><\/p>\n<ul>\n<li>MOS 7501&nbsp; (8 Bit CPU)<\/li>\n<li>MOS 8501&nbsp; (8 Bit CPU)<\/li>\n<li>uPD4416 (DRAM-Chips)<\/li>\n<li>uPD4464 (DRAM-Chips)<\/li>\n<li>MOS7360 (TED-Chip)<\/li>\n<li>Elektronik Experimentierk\u00e4sten von PHILIPS der Serie EE2xxx<\/li>\n<\/ul>\n<p style=\"text-align: justify\">Ich suche auch Originalverpackungen f\u00fcr Sinclair ZX-Spectrum, ZX-Spectrum Plus, Commodore 64 Brotkasten, Commodore 64-II, Amiga 600, Amiga 1200<\/p>\n","protected":false},"excerpt":{"rendered":"<div class=\"pvc_clear\"><\/div>\n<p id=\"pvc_stats_3954\" class=\"pvc_stats all  \" data-element-id=\"3954\" style=\"\"><i class=\"pvc-stats-icon medium\" aria-hidden=\"true\"><svg aria-hidden=\"true\" focusable=\"false\" data-prefix=\"far\" data-icon=\"chart-bar\" role=\"img\" xmlns=\"http:\/\/www.w3.org\/2000\/svg\" viewBox=\"0 0 512 512\" class=\"svg-inline--fa fa-chart-bar fa-w-16 fa-2x\"><path fill=\"currentColor\" d=\"M396.8 352h22.4c6.4 0 12.8-6.4 12.8-12.8V108.8c0-6.4-6.4-12.8-12.8-12.8h-22.4c-6.4 0-12.8 6.4-12.8 12.8v230.4c0 6.4 6.4 12.8 12.8 12.8zm-192 0h22.4c6.4 0 12.8-6.4 12.8-12.8V140.8c0-6.4-6.4-12.8-12.8-12.8h-22.4c-6.4 0-12.8 6.4-12.8 12.8v198.4c0 6.4 6.4 12.8 12.8 12.8zm96 0h22.4c6.4 0 12.8-6.4 12.8-12.8V204.8c0-6.4-6.4-12.8-12.8-12.8h-22.4c-6.4 0-12.8 6.4-12.8 12.8v134.4c0 6.4 6.4 12.8 12.8 12.8zM496 400H48V80c0-8.84-7.16-16-16-16H16C7.16 64 0 71.16 0 80v336c0 17.67 14.33 32 32 32h464c8.84 0 16-7.16 16-16v-16c0-8.84-7.16-16-16-16zm-387.2-48h22.4c6.4 0 12.8-6.4 12.8-12.8v-70.4c0-6.4-6.4-12.8-12.8-12.8h-22.4c-6.4 0-12.8 6.4-12.8 12.8v70.4c0 6.4 6.4 12.8 12.8 12.8z\" class=\"\"><\/path><\/svg><\/i> <img decoding=\"async\" width=\"16\" height=\"16\" alt=\"Loading\" src=\"https:\/\/blog.fh-kaernten.at\/ingmarsretro\/wp-content\/plugins\/page-views-count\/ajax-loader-2x.gif\" border=0 \/><\/p>\n<div class=\"pvc_clear\"><\/div>\n<p>Die Retrosammlung w\u00e4chst sehr langsam aber stetig. St\u00e4ndig bin ich auf diversen Internetportalen auf der Suche nach neuen Exemplaren. Vorallem suche ich Exemplare, die ich als Kind oder Jugendlicher einst selbst besessen habe. Aber ich suche auch Objekte, die zur Vervollst\u00e4ndigung einer Sammlung beitragen. Leider ist es teilweise sehr schwer an Exemplare heranzukommen, ohne gleich&hellip; <br \/> <a class=\"read-more\" href=\"https:\/\/blog.fh-kaernten.at\/ingmarsretro\/was-fehlt-noch-wonach-ich-noch-suche\/\">Weiterlesen<\/a><\/p>\n","protected":false},"author":86,"featured_media":3958,"parent":0,"menu_order":0,"comment_status":"closed","ping_status":"closed","template":"","meta":{"inline_featured_image":false,"ngg_post_thumbnail":0,"footnotes":""},"class_list":["post-3954","page","type-page","status-publish","has-post-thumbnail","hentry"],"a3_pvc":{"activated":true,"total_views":847,"today_views":0},"_links":{"self":[{"href":"https:\/\/blog.fh-kaernten.at\/ingmarsretro\/wp-json\/wp\/v2\/pages\/3954","targetHints":{"allow":["GET"]}}],"collection":[{"href":"https:\/\/blog.fh-kaernten.at\/ingmarsretro\/wp-json\/wp\/v2\/pages"}],"about":[{"href":"https:\/\/blog.fh-kaernten.at\/ingmarsretro\/wp-json\/wp\/v2\/types\/page"}],"author":[{"embeddable":true,"href":"https:\/\/blog.fh-kaernten.at\/ingmarsretro\/wp-json\/wp\/v2\/users\/86"}],"replies":[{"embeddable":true,"href":"https:\/\/blog.fh-kaernten.at\/ingmarsretro\/wp-json\/wp\/v2\/comments?post=3954"}],"version-history":[{"count":0,"href":"https:\/\/blog.fh-kaernten.at\/ingmarsretro\/wp-json\/wp\/v2\/pages\/3954\/revisions"}],"wp:featuredmedia":[{"embeddable":true,"href":"https:\/\/blog.fh-kaernten.at\/ingmarsretro\/wp-json\/wp\/v2\/media\/3958"}],"wp:attachment":[{"href":"https:\/\/blog.fh-kaernten.at\/ingmarsretro\/wp-json\/wp\/v2\/media?parent=3954"}],"curies":[{"name":"wp","href":"https:\/\/api.w.org\/{rel}","templated":true}]}}