{"id":334,"date":"2015-02-15T10:44:28","date_gmt":"2015-02-15T09:44:28","guid":{"rendered":"http:\/\/blog.fh-kaernten.at\/ingmarsretro\/?page_id=334"},"modified":"2026-04-02T15:21:23","modified_gmt":"2026-04-02T13:21:23","slug":"ueber-mich","status":"publish","type":"page","link":"https:\/\/blog.fh-kaernten.at\/ingmarsretro\/ueber-mich\/","title":{"rendered":"\u00dcber mich"},"content":{"rendered":"<div class=\"pvc_clear\"><\/div>\n<p id=\"pvc_stats_334\" class=\"pvc_stats all  \" data-element-id=\"334\" style=\"\"><i class=\"pvc-stats-icon medium\" aria-hidden=\"true\"><svg aria-hidden=\"true\" focusable=\"false\" data-prefix=\"far\" data-icon=\"chart-bar\" role=\"img\" xmlns=\"http:\/\/www.w3.org\/2000\/svg\" viewBox=\"0 0 512 512\" class=\"svg-inline--fa fa-chart-bar fa-w-16 fa-2x\"><path fill=\"currentColor\" d=\"M396.8 352h22.4c6.4 0 12.8-6.4 12.8-12.8V108.8c0-6.4-6.4-12.8-12.8-12.8h-22.4c-6.4 0-12.8 6.4-12.8 12.8v230.4c0 6.4 6.4 12.8 12.8 12.8zm-192 0h22.4c6.4 0 12.8-6.4 12.8-12.8V140.8c0-6.4-6.4-12.8-12.8-12.8h-22.4c-6.4 0-12.8 6.4-12.8 12.8v198.4c0 6.4 6.4 12.8 12.8 12.8zm96 0h22.4c6.4 0 12.8-6.4 12.8-12.8V204.8c0-6.4-6.4-12.8-12.8-12.8h-22.4c-6.4 0-12.8 6.4-12.8 12.8v134.4c0 6.4 6.4 12.8 12.8 12.8zM496 400H48V80c0-8.84-7.16-16-16-16H16C7.16 64 0 71.16 0 80v336c0 17.67 14.33 32 32 32h464c8.84 0 16-7.16 16-16v-16c0-8.84-7.16-16-16-16zm-387.2-48h22.4c6.4 0 12.8-6.4 12.8-12.8v-70.4c0-6.4-6.4-12.8-12.8-12.8h-22.4c-6.4 0-12.8 6.4-12.8 12.8v70.4c0 6.4 6.4 12.8 12.8 12.8z\" class=\"\"><\/path><\/svg><\/i> <img decoding=\"async\" width=\"16\" height=\"16\" alt=\"Loading\" src=\"https:\/\/blog.fh-kaernten.at\/ingmarsretro\/wp-content\/plugins\/page-views-count\/ajax-loader-2x.gif\" border=0 \/><\/p>\n<div class=\"pvc_clear\"><\/div>\n<p><a href=\"http:\/\/blog.fh-kaernten.at\/ingmarsretro\/files\/2025\/09\/Ingmar-Bihlo_web.jpg\"><img fetchpriority=\"high\" decoding=\"async\" class=\"size-medium wp-image-8500 alignleft\" src=\"http:\/\/blog.fh-kaernten.at\/ingmarsretro\/files\/2025\/09\/Ingmar-Bihlo_web-245x300.jpg\" alt=\"\" width=\"245\" height=\"300\" srcset=\"https:\/\/blog.fh-kaernten.at\/ingmarsretro\/files\/2025\/09\/Ingmar-Bihlo_web-245x300.jpg 245w, https:\/\/blog.fh-kaernten.at\/ingmarsretro\/files\/2025\/09\/Ingmar-Bihlo_web.jpg 600w\" sizes=\"(max-width: 245px) 100vw, 245px\" \/><\/a><em><strong>Overview\/Specs:<\/strong><\/em><\/p>\n<ul>\n<li style=\"text-align: left;\">Alter: schon ein paar Jahre mehr auf der Uhr &#8230; (halt ein Kind der 70er \ud83d\ude42 )<\/li>\n<li style=\"text-align: left;\">Familienstand: Partnerschaft,&nbsp; einen Sohn<\/li>\n<li style=\"text-align: left;\">Beruf:&nbsp; Mitarbeiter an technischen Forschungsprojekten im Bereich PCB-Design, Elektronikentwicklung und Laboringenieur und helfe Studierenden (ernsthaft) bei ihren Projekten. (In der Lehre bin ich aber NICHT t\u00e4tig &#8211; das ist absolut nicht mein Fall. Denn wie ein alter Spruch schon sagt: &#8218;Schuster bleib bei deinen Leisten&#8216;<\/li>\n<li style=\"text-align: left;\">Hobbies: Mein Sohnemann, 8Bit Computer der 80er (suche \u00fcbrigens noch einen SX64 sowie MOS8501 CPUs), alte mechanische Uhren instand setzen, technische Videos erstellen, Elektronikprojekte aller Art, Fotografie (Portraits, Produktfotos, &#8230;), Motorrad fahren und schrauben, Kaputte elektronische Retroger\u00e4te aus meiner Jugendzeit sehr g\u00fcnstig erwerben und reparieren <del>Schlagzeug spielen (zumindest versuch\u00b4 ich&#8217;s) \ud83d\ude42<\/del>, <del>will jetzt auch mal Keyboard lernen&#8230;&nbsp;<\/del>&nbsp; Aufgrund des endlichen Platzangebotes und meiner sehr, sehr begrenzten musikalischen F\u00e4higkeiten, habe ich mich entschieden, meine musikalische Karriere zu beenden &#8211; oder war es doch eher aus R\u00fccksicht gegen\u00fcber meinen Mitmenschen\u2026 Aber: ich bin KEIN Netzwerker und Partyfreak &#8230; und ich distanziere mich von Menschen, die nur viel hei\u00dfe Luft und keinen anderen &#8222;Output&#8220; erzeugen \ud83d\ude09<\/li>\n<li style=\"text-align: left;\">Betriebsmittel: Alles was nicht Fleisch und Fisch ist &#8211; nicht weil ich so tierlieb bin &#8211; nein, weil ich das Zeug nicht herunterbekomme (das sind halt die Sp\u00e4tfolgen wenn man als Kind essen muss, was auf den Tisch kommt&#8230;)<\/li>\n<li style=\"text-align: left;\">zum Thema Social Media: Lange habe ich versucht, als Kommunikationsmedium das Telefon zum Zwecke der Sprach\u00fcbertragung und das Senden von Nachrichten per &#8218;Short Message Service&#8216; zu verwenden. <del>Soll hei\u00dfen, ich habe mich lange gewehrt WhatsApp als SMS &#8211; Alternative zu nutzen. Leider sind 99% aller meiner Kontakte nur mehr \u00fcber den WhatsApp Messenger zu erreichen. Daher nutze ich &#8218;leider&#8216; nun auch diesen Service.<\/del> Auch das ist wieder obsolete. Benutze den Dienst nicht mehr. Bei Facebook direkt wird man mich auch nicht finden um den Personen der Freundesliste Fotos von meinen Mahlzeiten oder Selfies zu pr\u00e4sentieren. (Schade um die Oculus VR-Welt&#8230;) Lediglich eine Software der Firma &#8222;<del>Facebook<\/del>&#8220; Meta verwende ich auch noch au\u00dfer WhatsApp: Instagram&nbsp; &#8211; und das nur um dort mit weiteren Retro Interessierten in Kontakt zu bleiben und Content vom Blog hier zu posten.<\/li>\n<\/ul>\n<p>Als Sohn eines Beamten im Controlling- und Wirtschaftsbereich und einer Sekret\u00e4rin\/Hausfrau habe ich Anfang der siebziger Jahre das Licht der Welt erblickt. Schon sehr fr\u00fch hat mich die Technik fasziniert. Alles was sich in irgendeiner Form bewegte, oder leuchtete, hat sofort meine Aufmerksamkeit und den Forscherdrang erweckt. Leider nicht immer zur Freude meiner Eltern, denn ich musste IMMER wissen was drinnen ist. Und so haben leider so manches Ger\u00e4t oder Spielzeug vorzeitig ihr Dasein beendet. Gl\u00fccklicherweise haben mich die Eltern im Rahmen ihrer M\u00f6glichkeiten auch gef\u00f6rdert. So bin ich im fr\u00fchen Kindesalter mit den ersten Elektronik-Experimentierk\u00e4sten konfrontiert worden und habe mich eingehend damit besch\u00e4ftigt.<\/p>\n<p>Aber auch alles Mechanische blieb vor mir nicht verschont. So zum Beispiel gab es schon Volksschulalter die M\u00f6glichkeit, von einem nahe gelegenen&nbsp;&#8222;Schrottablagerungsplatz&#8220; mit Freunden aus der Wohngegend, einen alten Automotor&nbsp;aufzusammeln. Diesen schleppten wir m\u00fchevoll in die Garage des Elternhauses und begannen alles zu zerlegen. Kolben und Ventile auszubauen, das Getriebe auseinander zu nehmen. Dabei sammelten wir einiges an Erfahrungen (vor allem, dass man vorher das \u00d6l ablassen sollte &#8211; h\u00e4tte mir einiges an \u00c4rger mit den Eltern erspart). Auch jede Sperrm\u00fcllentsorgung f\u00fcllte mein Kinderzimmer mit Teilen von alten Fernsehempf\u00e4ngern und Radios.<\/p>\n<p>So war es fast logisch, dass ich meine Ausbildung im technischen Bereich machen w\u00fcrde und absolvierte nach dem Pflichtschulabschluss im Gymnasium, die HTL. &nbsp;W\u00e4hrend dieser Zeit entwickelte sich auch ein Interesse f\u00fcr die Fernsehtechnik und -produktion und begann vor und nach meiner Wehrdienstzeit beim \u00f6ffentlichen Rundfunk zu arbeiten. Die T\u00e4tigkeiten dort forderten mich aber nicht wie gedacht und an einen Aufstieg war ohne Studium im Medienbereich und ohne &#8222;Vitamin B&#8220; nicht zu denken. Das Kurse im Studium waren vorwiegend philosophischer Natur und kaum technisch &#8211; nichts f\u00fcr mich &#8211; also wechselte ich meinen T\u00e4tigkeitsbereich und ging in die Privatwirtschaft und arbeitete dort mit Industrieelektronik im Bereich Entwicklung von elektronischen Ger\u00e4ten und war auch in der zugeh\u00f6rigen Servicetechnikbranche t\u00e4tig. Die Video- und Fernsehtechnik von der produktiven Seite, konnte ich mit einem sehr guten Freund\u2020 aber weiter betreiben und so einige Dokumentationsfilme, Imagefilme und auch einige Liveveranstaltungen als EB &#8211; Kameramann, etc. produzieren.<\/p>\n<p>In und nach der Wirtschaftskrise 2000 \u00e4nderte sich der berufliche Werdegang und ich wechselte im Jahr 2005 nach einem zuf\u00e4lligen Gespr\u00e4ch mit einem alten Kollegen als Angestellter in den Bereich &#8222;Wissenschaftlicher Mitarbeiter&#8220; an der Fachhochschule und arbeite dort an Forschungsprojekten im Bereich der Elektronik.<\/p>\n<p>Da ich mich im privaten Bereich immer noch mit den technischen Dingen besch\u00e4ftige (seit neuestem mechanische Uhren und W\u00e4rmekraftmaschinen &#8211; zumindest kleine Modelle) und auch immer wieder \u00fcber die vielen Dinge aus meiner Jugendzeit stolpere (vor allem beim St\u00f6bern in den Kellerr\u00e4umen des Elternhauses), habe ich beschlossen, diesen Blog hier zu erstellen und versuche nun die Dinge hier ein wenig zu beschreiben und zu archivieren. Vieles ger\u00e4t ja leider in Vergessenheit und so m\u00f6chte ich eben diese Plattform dazu nutzen die T\u00e4tigkeiten und Erinnerungen der letzten Jahre zu speichern.<\/p>\n<p>Vielleicht gibt es ja den einen oder anderen Altersgenossen und Gleichgesinnten, der durch die Informationen hier auch wieder an seine Jugendzeit erinnert wird&#8230;<\/p>\n<p>Stand 02\/2015 (edit 06\/2022)<\/p>\n","protected":false},"excerpt":{"rendered":"<div class=\"pvc_clear\"><\/div>\n<p id=\"pvc_stats_334\" class=\"pvc_stats all  \" data-element-id=\"334\" style=\"\"><i class=\"pvc-stats-icon medium\" aria-hidden=\"true\"><svg aria-hidden=\"true\" focusable=\"false\" data-prefix=\"far\" data-icon=\"chart-bar\" role=\"img\" xmlns=\"http:\/\/www.w3.org\/2000\/svg\" viewBox=\"0 0 512 512\" class=\"svg-inline--fa fa-chart-bar fa-w-16 fa-2x\"><path fill=\"currentColor\" d=\"M396.8 352h22.4c6.4 0 12.8-6.4 12.8-12.8V108.8c0-6.4-6.4-12.8-12.8-12.8h-22.4c-6.4 0-12.8 6.4-12.8 12.8v230.4c0 6.4 6.4 12.8 12.8 12.8zm-192 0h22.4c6.4 0 12.8-6.4 12.8-12.8V140.8c0-6.4-6.4-12.8-12.8-12.8h-22.4c-6.4 0-12.8 6.4-12.8 12.8v198.4c0 6.4 6.4 12.8 12.8 12.8zm96 0h22.4c6.4 0 12.8-6.4 12.8-12.8V204.8c0-6.4-6.4-12.8-12.8-12.8h-22.4c-6.4 0-12.8 6.4-12.8 12.8v134.4c0 6.4 6.4 12.8 12.8 12.8zM496 400H48V80c0-8.84-7.16-16-16-16H16C7.16 64 0 71.16 0 80v336c0 17.67 14.33 32 32 32h464c8.84 0 16-7.16 16-16v-16c0-8.84-7.16-16-16-16zm-387.2-48h22.4c6.4 0 12.8-6.4 12.8-12.8v-70.4c0-6.4-6.4-12.8-12.8-12.8h-22.4c-6.4 0-12.8 6.4-12.8 12.8v70.4c0 6.4 6.4 12.8 12.8 12.8z\" class=\"\"><\/path><\/svg><\/i> <img decoding=\"async\" width=\"16\" height=\"16\" alt=\"Loading\" src=\"https:\/\/blog.fh-kaernten.at\/ingmarsretro\/wp-content\/plugins\/page-views-count\/ajax-loader-2x.gif\" border=0 \/><\/p>\n<div class=\"pvc_clear\"><\/div>\n<p>Overview\/Specs: Alter: schon ein paar Jahre mehr auf der Uhr &#8230; (halt ein Kind der 70er \ud83d\ude42 ) Familienstand: Partnerschaft,&nbsp; einen Sohn Beruf:&nbsp; Mitarbeiter an technischen Forschungsprojekten im Bereich PCB-Design, Elektronikentwicklung und Laboringenieur und helfe Studierenden (ernsthaft) bei ihren Projekten. (In der Lehre bin ich aber NICHT t\u00e4tig &#8211; das ist absolut nicht mein Fall.&hellip; <br \/> <a class=\"read-more\" href=\"https:\/\/blog.fh-kaernten.at\/ingmarsretro\/ueber-mich\/\">Weiterlesen<\/a><\/p>\n","protected":false},"author":86,"featured_media":8660,"parent":0,"menu_order":0,"comment_status":"open","ping_status":"open","template":"","meta":{"inline_featured_image":false,"ngg_post_thumbnail":0,"footnotes":""},"class_list":["post-334","page","type-page","status-publish","has-post-thumbnail","hentry"],"a3_pvc":{"activated":true,"total_views":1674,"today_views":0},"_links":{"self":[{"href":"https:\/\/blog.fh-kaernten.at\/ingmarsretro\/wp-json\/wp\/v2\/pages\/334","targetHints":{"allow":["GET"]}}],"collection":[{"href":"https:\/\/blog.fh-kaernten.at\/ingmarsretro\/wp-json\/wp\/v2\/pages"}],"about":[{"href":"https:\/\/blog.fh-kaernten.at\/ingmarsretro\/wp-json\/wp\/v2\/types\/page"}],"author":[{"embeddable":true,"href":"https:\/\/blog.fh-kaernten.at\/ingmarsretro\/wp-json\/wp\/v2\/users\/86"}],"replies":[{"embeddable":true,"href":"https:\/\/blog.fh-kaernten.at\/ingmarsretro\/wp-json\/wp\/v2\/comments?post=334"}],"version-history":[{"count":4,"href":"https:\/\/blog.fh-kaernten.at\/ingmarsretro\/wp-json\/wp\/v2\/pages\/334\/revisions"}],"predecessor-version":[{"id":8671,"href":"https:\/\/blog.fh-kaernten.at\/ingmarsretro\/wp-json\/wp\/v2\/pages\/334\/revisions\/8671"}],"wp:featuredmedia":[{"embeddable":true,"href":"https:\/\/blog.fh-kaernten.at\/ingmarsretro\/wp-json\/wp\/v2\/media\/8660"}],"wp:attachment":[{"href":"https:\/\/blog.fh-kaernten.at\/ingmarsretro\/wp-json\/wp\/v2\/media?parent=334"}],"curies":[{"name":"wp","href":"https:\/\/api.w.org\/{rel}","templated":true}]}}

Über mich

<div class="pvc_clear"></div>
<p id="pvc_stats_334" class="pvc_stats all  " data-element-id="334" style=""><i class="pvc-stats-icon medium" aria-hidden="true"><svg aria-hidden="true" focusable="false" data-prefix="far" data-icon="chart-bar" role="img" xmlns="http://www.w3.org/2000/svg" viewBox="0 0 512 512" class="svg-inline--fa fa-chart-bar fa-w-16 fa-2x"><path fill="currentColor" d="M396.8 352h22.4c6.4 0 12.8-6.4 12.8-12.8V108.8c0-6.4-6.4-12.8-12.8-12.8h-22.4c-6.4 0-12.8 6.4-12.8 12.8v230.4c0 6.4 6.4 12.8 12.8 12.8zm-192 0h22.4c6.4 0 12.8-6.4 12.8-12.8V140.8c0-6.4-6.4-12.8-12.8-12.8h-22.4c-6.4 0-12.8 6.4-12.8 12.8v198.4c0 6.4 6.4 12.8 12.8 12.8zm96 0h22.4c6.4 0 12.8-6.4 12.8-12.8V204.8c0-6.4-6.4-12.8-12.8-12.8h-22.4c-6.4 0-12.8 6.4-12.8 12.8v134.4c0 6.4 6.4 12.8 12.8 12.8zM496 400H48V80c0-8.84-7.16-16-16-16H16C7.16 64 0 71.16 0 80v336c0 17.67 14.33 32 32 32h464c8.84 0 16-7.16 16-16v-16c0-8.84-7.16-16-16-16zm-387.2-48h22.4c6.4 0 12.8-6.4 12.8-12.8v-70.4c0-6.4-6.4-12.8-12.8-12.8h-22.4c-6.4 0-12.8 6.4-12.8 12.8v70.4c0 6.4 6.4 12.8 12.8 12.8z" class=""></path></svg></i> <img decoding="async" width="16" height="16" alt="Loading" src="https://blog.fh-kaernten.at/ingmarsretro/wp-content/plugins/page-views-count/ajax-loader-2x.gif" border=0 /></p>
<div class="pvc_clear"></div>
<p><a href="http://blog.fh-kaernten.at/ingmarsretro/files/2025/09/Ingmar-Bihlo_web.jpg"><img fetchpriority="high" decoding="async" class="size-medium wp-image-8500 alignleft" src="http://blog.fh-kaernten.at/ingmarsretro/files/2025/09/Ingmar-Bihlo_web-245x300.jpg" alt="" width="245" height="300" srcset="https://blog.fh-kaernten.at/ingmarsretro/files/2025/09/Ingmar-Bihlo_web-245x300.jpg 245w, https://blog.fh-kaernten.at/ingmarsretro/files/2025/09/Ingmar-Bihlo_web.jpg 600w" sizes="(max-width: 245px) 100vw, 245px" /></a><em><strong>Overview/Specs:</strong></em></p>
<ul>
<li style="text-align: left;">Alter: schon ein paar Jahre mehr auf der Uhr &#8230; (halt ein Kind der 70er 🙂 )</li>
<li style="text-align: left;">Familienstand: Partnerschaft,&nbsp; einen Sohn</li>
<li style="text-align: left;">Beruf:&nbsp; Mitarbeiter an technischen Forschungsprojekten im Bereich PCB-Design, Elektronikentwicklung und Laboringenieur und helfe Studierenden (ernsthaft) bei ihren Projekten. (In der Lehre bin ich aber NICHT tätig &#8211; das ist absolut nicht mein Fall. Denn wie ein alter Spruch schon sagt: &#8218;Schuster bleib bei deinen Leisten&#8216;</li>
<li style="text-align: left;">Hobbies: Mein Sohnemann, 8Bit Computer der 80er (suche übrigens noch einen SX64 sowie MOS8501 CPUs), alte mechanische Uhren instand setzen, technische Videos erstellen, Elektronikprojekte aller Art, Fotografie (Portraits, Produktfotos, &#8230;), Motorrad fahren und schrauben, Kaputte elektronische Retrogeräte aus meiner Jugendzeit sehr günstig erwerben und reparieren <del>Schlagzeug spielen (zumindest versuch´ ich&#8217;s) 🙂</del>, <del>will jetzt auch mal Keyboard lernen&#8230;&nbsp;</del>&nbsp; Aufgrund des endlichen Platzangebotes und meiner sehr, sehr begrenzten musikalischen Fähigkeiten, habe ich mich entschieden, meine musikalische Karriere zu beenden &#8211; oder war es doch eher aus Rücksicht gegenüber meinen Mitmenschen… Aber: ich bin KEIN Netzwerker und Partyfreak &#8230; und ich distanziere mich von Menschen, die nur viel heiße Luft und keinen anderen &#8222;Output&#8220; erzeugen 😉</li>
<li style="text-align: left;">Betriebsmittel: Alles was nicht Fleisch und Fisch ist &#8211; nicht weil ich so tierlieb bin &#8211; nein, weil ich das Zeug nicht herunterbekomme (das sind halt die Spätfolgen wenn man als Kind essen muss, was auf den Tisch kommt&#8230;)</li>
<li style="text-align: left;">zum Thema Social Media: Lange habe ich versucht, als Kommunikationsmedium das Telefon zum Zwecke der Sprachübertragung und das Senden von Nachrichten per &#8218;Short Message Service&#8216; zu verwenden. <del>Soll heißen, ich habe mich lange gewehrt WhatsApp als SMS &#8211; Alternative zu nutzen. Leider sind 99% aller meiner Kontakte nur mehr über den WhatsApp Messenger zu erreichen. Daher nutze ich &#8218;leider&#8216; nun auch diesen Service.</del> Auch das ist wieder obsolete. Benutze den Dienst nicht mehr. Bei Facebook direkt wird man mich auch nicht finden um den Personen der Freundesliste Fotos von meinen Mahlzeiten oder Selfies zu präsentieren. (Schade um die Oculus VR-Welt&#8230;) Lediglich eine Software der Firma &#8222;<del>Facebook</del>&#8220; Meta verwende ich auch noch außer WhatsApp: Instagram&nbsp; &#8211; und das nur um dort mit weiteren Retro Interessierten in Kontakt zu bleiben und Content vom Blog hier zu posten.</li>
</ul>
<p>Als Sohn eines Beamten im Controlling- und Wirtschaftsbereich und einer Sekretärin/Hausfrau habe ich Anfang der siebziger Jahre das Licht der Welt erblickt. Schon sehr früh hat mich die Technik fasziniert. Alles was sich in irgendeiner Form bewegte, oder leuchtete, hat sofort meine Aufmerksamkeit und den Forscherdrang erweckt. Leider nicht immer zur Freude meiner Eltern, denn ich musste IMMER wissen was drinnen ist. Und so haben leider so manches Gerät oder Spielzeug vorzeitig ihr Dasein beendet. Glücklicherweise haben mich die Eltern im Rahmen ihrer Möglichkeiten auch gefördert. So bin ich im frühen Kindesalter mit den ersten Elektronik-Experimentierkästen konfrontiert worden und habe mich eingehend damit beschäftigt.</p>
<p>Aber auch alles Mechanische blieb vor mir nicht verschont. So zum Beispiel gab es schon Volksschulalter die Möglichkeit, von einem nahe gelegenen&nbsp;&#8222;Schrottablagerungsplatz&#8220; mit Freunden aus der Wohngegend, einen alten Automotor&nbsp;aufzusammeln. Diesen schleppten wir mühevoll in die Garage des Elternhauses und begannen alles zu zerlegen. Kolben und Ventile auszubauen, das Getriebe auseinander zu nehmen. Dabei sammelten wir einiges an Erfahrungen (vor allem, dass man vorher das Öl ablassen sollte &#8211; hätte mir einiges an Ärger mit den Eltern erspart). Auch jede Sperrmüllentsorgung füllte mein Kinderzimmer mit Teilen von alten Fernsehempfängern und Radios.</p>
<p>So war es fast logisch, dass ich meine Ausbildung im technischen Bereich machen würde und absolvierte nach dem Pflichtschulabschluss im Gymnasium, die HTL. &nbsp;Während dieser Zeit entwickelte sich auch ein Interesse für die Fernsehtechnik und -produktion und begann vor und nach meiner Wehrdienstzeit beim öffentlichen Rundfunk zu arbeiten. Die Tätigkeiten dort forderten mich aber nicht wie gedacht und an einen Aufstieg war ohne Studium im Medienbereich und ohne &#8222;Vitamin B&#8220; nicht zu denken. Das Kurse im Studium waren vorwiegend philosophischer Natur und kaum technisch &#8211; nichts für mich &#8211; also wechselte ich meinen Tätigkeitsbereich und ging in die Privatwirtschaft und arbeitete dort mit Industrieelektronik im Bereich Entwicklung von elektronischen Geräten und war auch in der zugehörigen Servicetechnikbranche tätig. Die Video- und Fernsehtechnik von der produktiven Seite, konnte ich mit einem sehr guten Freund† aber weiter betreiben und so einige Dokumentationsfilme, Imagefilme und auch einige Liveveranstaltungen als EB &#8211; Kameramann, etc. produzieren.</p>
<p>In und nach der Wirtschaftskrise 2000 änderte sich der berufliche Werdegang und ich wechselte im Jahr 2005 nach einem zufälligen Gespräch mit einem alten Kollegen als Angestellter in den Bereich &#8222;Wissenschaftlicher Mitarbeiter&#8220; an der Fachhochschule und arbeite dort an Forschungsprojekten im Bereich der Elektronik.</p>
<p>Da ich mich im privaten Bereich immer noch mit den technischen Dingen beschäftige (seit neuestem mechanische Uhren und Wärmekraftmaschinen &#8211; zumindest kleine Modelle) und auch immer wieder über die vielen Dinge aus meiner Jugendzeit stolpere (vor allem beim Stöbern in den Kellerräumen des Elternhauses), habe ich beschlossen, diesen Blog hier zu erstellen und versuche nun die Dinge hier ein wenig zu beschreiben und zu archivieren. Vieles gerät ja leider in Vergessenheit und so möchte ich eben diese Plattform dazu nutzen die Tätigkeiten und Erinnerungen der letzten Jahre zu speichern.</p>
<p>Vielleicht gibt es ja den einen oder anderen Altersgenossen und Gleichgesinnten, der durch die Informationen hier auch wieder an seine Jugendzeit erinnert wird&#8230;</p>
<p>Stand 02/2015 (edit 06/2022)</p>

<div class="pvc_clear"></div>
<p id="pvc_stats_334" class="pvc_stats all  " data-element-id="334" style=""><i class="pvc-stats-icon medium" aria-hidden="true"><svg aria-hidden="true" focusable="false" data-prefix="far" data-icon="chart-bar" role="img" xmlns="http://www.w3.org/2000/svg" viewBox="0 0 512 512" class="svg-inline--fa fa-chart-bar fa-w-16 fa-2x"><path fill="currentColor" d="M396.8 352h22.4c6.4 0 12.8-6.4 12.8-12.8V108.8c0-6.4-6.4-12.8-12.8-12.8h-22.4c-6.4 0-12.8 6.4-12.8 12.8v230.4c0 6.4 6.4 12.8 12.8 12.8zm-192 0h22.4c6.4 0 12.8-6.4 12.8-12.8V140.8c0-6.4-6.4-12.8-12.8-12.8h-22.4c-6.4 0-12.8 6.4-12.8 12.8v198.4c0 6.4 6.4 12.8 12.8 12.8zm96 0h22.4c6.4 0 12.8-6.4 12.8-12.8V204.8c0-6.4-6.4-12.8-12.8-12.8h-22.4c-6.4 0-12.8 6.4-12.8 12.8v134.4c0 6.4 6.4 12.8 12.8 12.8zM496 400H48V80c0-8.84-7.16-16-16-16H16C7.16 64 0 71.16 0 80v336c0 17.67 14.33 32 32 32h464c8.84 0 16-7.16 16-16v-16c0-8.84-7.16-16-16-16zm-387.2-48h22.4c6.4 0 12.8-6.4 12.8-12.8v-70.4c0-6.4-6.4-12.8-12.8-12.8h-22.4c-6.4 0-12.8 6.4-12.8 12.8v70.4c0 6.4 6.4 12.8 12.8 12.8z" class=""></path></svg></i> <img decoding="async" width="16" height="16" alt="Loading" src="https://blog.fh-kaernten.at/ingmarsretro/wp-content/plugins/page-views-count/ajax-loader-2x.gif" border=0 /></p>
<div class="pvc_clear"></div>
<p>Overview/Specs: Alter: schon ein paar Jahre mehr auf der Uhr &#8230; (halt ein Kind der 70er 🙂 ) Familienstand: Partnerschaft,&nbsp; einen Sohn Beruf:&nbsp; Mitarbeiter an technischen Forschungsprojekten im Bereich PCB-Design, Elektronikentwicklung und Laboringenieur und helfe Studierenden (ernsthaft) bei ihren Projekten. (In der Lehre bin ich aber NICHT tätig &#8211; das ist absolut nicht mein Fall.&hellip; <br /> <a class="read-more" href="https://blog.fh-kaernten.at/ingmarsretro/ueber-mich/">Weiterlesen</a></p>
