{"id":530,"date":"2018-11-19T09:42:51","date_gmt":"2018-11-19T08:42:51","guid":{"rendered":"http:\/\/blog.fh-kaernten.at\/demenzfreundliche-modellgemeinden\/?page_id=530"},"modified":"2019-11-16T10:13:51","modified_gmt":"2019-11-16T09:13:51","slug":"pflegestammtisch","status":"publish","type":"page","link":"https:\/\/blog.fh-kaernten.at\/demenzfreundliche-modellgemeinden\/termine\/pflegestammtisch\/","title":{"rendered":"Stammtisch f\u00fcr pflegende Angeh\u00f6rige"},"content":{"rendered":"<p><span style=\"font-size: 18pt\"><strong>Wir machen Angeh\u00f6rige STARK<\/strong><\/span><\/p>\n<p style=\"text-align: justify\">Der gr\u00f6\u00dfte Pflegedienst sind Sie als pflegende Angeh\u00f6rige. Deshalb stellen wir Sie in den Mittelpunkt und laden Sie herzlich zum Stammtisch f\u00fcr pflegende Angeh\u00f6rige in Moosburg ein!<\/p>\n<p><strong>Die Teilnahme ist kostenlos!<\/strong><\/p>\n<p style=\"text-align: justify\">Pflegestammtische werden von ausgebildetem Fachpersonal vom Roten Kreuz geleitet und begleitet.\u00a0Ziel ist es, Sie als pflegende Angeh\u00f6rige zu unterst\u00fctzen und Ihnen einen Raum zu bieten, um sich auszutauschen, zu beraten und zu informieren. Sie erhalten:<\/p>\n<ul style=\"text-align: justify\">\n<li>praktische Informationen und Tipps f\u00fcr die Betreuung und Begleitung im Alltag<\/li>\n<li>Service, Hilfe und praktische Unterst\u00fctzung f\u00fcr die Pflege sowie f\u00fcr Heil- und Hilfsmittel und das Anfordern von Pflegediensten<\/li>\n<li>Kontakt zu Fachleuten, Informationen \u00fcber spezielle Erkrankungen und deren Folgen im k\u00f6rperlichen und psychischen Bereich.<\/li>\n<\/ul>\n<p style=\"text-align: justify\"><strong>Wann: <\/strong>einmal im Monat, Uhrzeit immer <strong>16:30 Uhr<\/strong>, die kommenden Termine sind unten aufgelistet.<\/p>\n<ul>\n<li>22. Mai 2019<\/li>\n<li>26. Juni 2019<\/li>\n<li><em>SOMMERPAUSE JULI\/AUGUST<\/em><\/li>\n<li>25. September 2019<\/li>\n<li>23. Oktober 2019<\/li>\n<li>17. November 2019<\/li>\n<li>18. Dezember 2019<\/li>\n<li>22. J\u00e4nner 2020<\/li>\n<\/ul>\n<p><strong>Wo:<\/strong> im Pfarrheim Moosburg<\/p>\n<p><strong>Stammtischleiterin:<\/strong> Manuela Rumpold, Rotes Kreuz<\/p>\n<p style=\"text-align: justify\">(Die ReferentInnen und Themen der Stammtische werden gesondert angek\u00fcndigt.)<\/p>\n<p style=\"text-align: justify\">Lernen Sie voneinander und miteinander! H\u00f6ren Sie die Geschichten Ihrer Kolleginnen und Kollegen, welche dieselbe Situation erleben wie Sie. Werden Sie STARK und st\u00e4rken Sie andere!<\/p>\n","protected":false},"excerpt":{"rendered":"<p>Wir machen Angeh\u00f6rige STARK Der gr\u00f6\u00dfte Pflegedienst sind Sie als pflegende Angeh\u00f6rige. Deshalb stellen wir Sie in den Mittelpunkt und laden Sie herzlich zum Stammtisch f\u00fcr pflegende Angeh\u00f6rige in Moosburg ein! Die Teilnahme ist kostenlos! Pflegestammtische werden von ausgebildetem Fachpersonal vom Roten Kreuz geleitet und begleitet.\u00a0Ziel ist es, Sie als<a class=\"moretag\" href=\"https:\/\/blog.fh-kaernten.at\/demenzfreundliche-modellgemeinden\/termine\/pflegestammtisch\/\"> Weiterlesen<\/a><\/p>\n","protected":false},"author":154,"featured_media":0,"parent":27,"menu_order":0,"comment_status":"closed","ping_status":"closed","template":"","meta":{"inline_featured_image":false,"footnotes":""},"class_list":["post-530","page","type-page","status-publish","hentry"],"_links":{"self":[{"href":"https:\/\/blog.fh-kaernten.at\/demenzfreundliche-modellgemeinden\/wp-json\/wp\/v2\/pages\/530","targetHints":{"allow":["GET"]}}],"collection":[{"href":"https:\/\/blog.fh-kaernten.at\/demenzfreundliche-modellgemeinden\/wp-json\/wp\/v2\/pages"}],"about":[{"href":"https:\/\/blog.fh-kaernten.at\/demenzfreundliche-modellgemeinden\/wp-json\/wp\/v2\/types\/page"}],"author":[{"embeddable":true,"href":"https:\/\/blog.fh-kaernten.at\/demenzfreundliche-modellgemeinden\/wp-json\/wp\/v2\/users\/154"}],"replies":[{"embeddable":true,"href":"https:\/\/blog.fh-kaernten.at\/demenzfreundliche-modellgemeinden\/wp-json\/wp\/v2\/comments?post=530"}],"version-history":[{"count":0,"href":"https:\/\/blog.fh-kaernten.at\/demenzfreundliche-modellgemeinden\/wp-json\/wp\/v2\/pages\/530\/revisions"}],"up":[{"embeddable":true,"href":"https:\/\/blog.fh-kaernten.at\/demenzfreundliche-modellgemeinden\/wp-json\/wp\/v2\/pages\/27"}],"wp:attachment":[{"href":"https:\/\/blog.fh-kaernten.at\/demenzfreundliche-modellgemeinden\/wp-json\/wp\/v2\/media?parent=530"}],"curies":[{"name":"wp","href":"https:\/\/api.w.org\/{rel}","templated":true}]}}