{"id":501,"date":"2018-11-13T12:05:30","date_gmt":"2018-11-13T11:05:30","guid":{"rendered":"http:\/\/blog.fh-kaernten.at\/demenzfreundliche-modellgemeinden\/?page_id=501"},"modified":"2020-09-28T09:05:55","modified_gmt":"2020-09-28T07:05:55","slug":"kostenlose-schulung-fuer-angehoerige","status":"publish","type":"page","link":"https:\/\/blog.fh-kaernten.at\/demenzfreundliche-modellgemeinden\/termine\/kostenlose-schulung-fuer-angehoerige\/","title":{"rendered":"KOSTENLOSE Schulung f\u00fcr Angeh\u00f6rige"},"content":{"rendered":"<p align=\"LEFT\">ZIEL DES SCHULUNGSPROGRAMMES:<\/p>\n<ul>\n<li style=\"text-align: justify\">Unterst\u00fctzung und Entlastung von betreuenden Angeh\u00f6rigen<\/li>\n<li style=\"text-align: justify\">Reduktion der negativen Effekte der Betreuung (Isolation, Depression, Stress,&#8230;)<\/li>\n<li style=\"text-align: justify\">Wohlergehen bzw. Wohlbefinden der Person mit Demenz erh\u00f6hen und Erhaltung der Selbstbestimmtheit so lange wie m\u00f6glich<\/li>\n<li style=\"text-align: justify\">Verhinderung von fr\u00fchzeitiger Institutionalisierung durch gut ausgebildete betreuende Angeh\u00f6rige<\/li>\n<li style=\"text-align: justify\">Familienverb\u00e4nde st\u00e4rken<\/li>\n<li style=\"text-align: justify\">Positives Lebenskonzept finden<\/li>\n<\/ul>\n<p align=\"LEFT\">INHALTE DER SCHULUNG:<\/p>\n<ul>\n<li style=\"text-align: justify\">Grundwissen \u00fcber die dementielle Erkrankung<\/li>\n<li style=\"text-align: justify\">Demenzgerechte Kommunikation, einf\u00fchlsamer Umgang mit verwirrten Menschen<\/li>\n<li style=\"text-align: justify\">Herausforderndes Verhalten \u2013 Verhalten, das herausfordert!<\/li>\n<li style=\"text-align: justify\">Demenzgerechtes Wohnumfeld, Besch\u00e4ftigung und Aktivierung f\u00fcr zu Hause<\/li>\n<\/ul>\n<p align=\"LEFT\"><strong>Start der Schulung:<\/strong> Mittwoch, 16. September 2020 (14-t\u00e4gig) von 14 Uhr bis 16 Uhr<br \/>\nBetroffene Familienangeh\u00f6rige k\u00f6nnen in der Zeit der Schulung im SeniorInnen-Demenzcaf\u00e9 betreut werden.<\/p>\n<p align=\"LEFT\"><strong>Ort der Schulung:<\/strong> Karolinger Saal, Feldkirchner Stra\u00dfe 2, 9062 Moosburg<\/p>\n<p align=\"LEFT\"><strong><a href=\"https:\/\/blog.fh-kaernten.at\/demenzfreundliche-modellgemeinden\/files\/2020\/02\/Angeh\u00f6rigenschulung_M\u00e4rz_2020-2.pdf\">Information <\/a>&amp; Anmeldung:<\/strong> Mag.<sup>a<\/sup> Sabine Battistata,\u00a0Mobil: 0664 453 8330, E-Mail: werkstatt.des.alterns@gmail.com<\/p>\n","protected":false},"excerpt":{"rendered":"<p>ZIEL DES SCHULUNGSPROGRAMMES: Unterst\u00fctzung und Entlastung von betreuenden Angeh\u00f6rigen Reduktion der negativen Effekte der Betreuung (Isolation, Depression, Stress,&#8230;) Wohlergehen bzw. Wohlbefinden der Person mit Demenz erh\u00f6hen und Erhaltung der Selbstbestimmtheit so lange wie m\u00f6glich Verhinderung von fr\u00fchzeitiger Institutionalisierung durch gut ausgebildete betreuende Angeh\u00f6rige Familienverb\u00e4nde st\u00e4rken Positives Lebenskonzept finden INHALTE DER<a class=\"moretag\" href=\"https:\/\/blog.fh-kaernten.at\/demenzfreundliche-modellgemeinden\/termine\/kostenlose-schulung-fuer-angehoerige\/\"> Weiterlesen<\/a><\/p>\n","protected":false},"author":154,"featured_media":0,"parent":27,"menu_order":0,"comment_status":"closed","ping_status":"closed","template":"","meta":{"inline_featured_image":false,"footnotes":""},"class_list":["post-501","page","type-page","status-publish","hentry"],"_links":{"self":[{"href":"https:\/\/blog.fh-kaernten.at\/demenzfreundliche-modellgemeinden\/wp-json\/wp\/v2\/pages\/501","targetHints":{"allow":["GET"]}}],"collection":[{"href":"https:\/\/blog.fh-kaernten.at\/demenzfreundliche-modellgemeinden\/wp-json\/wp\/v2\/pages"}],"about":[{"href":"https:\/\/blog.fh-kaernten.at\/demenzfreundliche-modellgemeinden\/wp-json\/wp\/v2\/types\/page"}],"author":[{"embeddable":true,"href":"https:\/\/blog.fh-kaernten.at\/demenzfreundliche-modellgemeinden\/wp-json\/wp\/v2\/users\/154"}],"replies":[{"embeddable":true,"href":"https:\/\/blog.fh-kaernten.at\/demenzfreundliche-modellgemeinden\/wp-json\/wp\/v2\/comments?post=501"}],"version-history":[{"count":0,"href":"https:\/\/blog.fh-kaernten.at\/demenzfreundliche-modellgemeinden\/wp-json\/wp\/v2\/pages\/501\/revisions"}],"up":[{"embeddable":true,"href":"https:\/\/blog.fh-kaernten.at\/demenzfreundliche-modellgemeinden\/wp-json\/wp\/v2\/pages\/27"}],"wp:attachment":[{"href":"https:\/\/blog.fh-kaernten.at\/demenzfreundliche-modellgemeinden\/wp-json\/wp\/v2\/media?parent=501"}],"curies":[{"name":"wp","href":"https:\/\/api.w.org\/{rel}","templated":true}]}}