{"id":498,"date":"2018-11-13T12:05:37","date_gmt":"2018-11-13T11:05:37","guid":{"rendered":"http:\/\/blog.fh-kaernten.at\/demenzfreundliche-modellgemeinden\/?page_id=498"},"modified":"2020-09-28T09:14:53","modified_gmt":"2020-09-28T07:14:53","slug":"seniorinnen-demenzcafe","status":"publish","type":"page","link":"https:\/\/blog.fh-kaernten.at\/demenzfreundliche-modellgemeinden\/termine\/seniorinnen-demenzcafe\/","title":{"rendered":"SeniorInnen-Demenzcaf\u00e9"},"content":{"rendered":"<p style=\"text-align: justify\"><span style=\"color: #ff0000\">Im Sinne der Covid-19-Verordnungen ist eine Voranmeldung zu allen Terminen und Veranstaltungen bis auf Weiteres erforderlich, um alle Vorsichtsma\u00dfnahmen einhalten zu k\u00f6nnen. <span style=\"font-size: 10pt\">(28.09.2020)<\/span><\/span><\/p>\n<p>&nbsp;<\/p>\n<p style=\"text-align: justify\"><span style=\"font-size: 18pt\"><strong>\u201eGria\u00df enk die Madln, servas die Buam\u201c<\/strong><\/span><\/p>\n<p style=\"text-align: justify\">Wir m\u00f6chten Menschen mit Demenz aus Moosburg und den umliegenden Gemeinden herzlich in unser Caf\u00e9 einladen!<\/p>\n<p style=\"text-align: justify\"><strong>WO<span style=\"color: #000000\">:<\/span><\/strong> Karolinger Saal, Feldkirchner Stra\u00dfe 2, 9062 Moosburg<\/p>\n<p style=\"text-align: justify\"><strong>WANN:<\/strong> jeden ersten und dritten Mittwoch im Monat von 14:00 bis 17:00 Uhr<br \/>\n<strong><\/strong><\/p>\n<p style=\"text-align: justify\"><strong>Termine 2020:<\/strong><br \/>\n<span>24<\/span><span>. Juni<br \/>\n<\/span>8. und 22. Juli<br \/>\n5. und 19. August<br \/>\n2. und 16. September<br \/>\n7. und 21. Oktober<br \/>\n4. und 18. November<br \/>\n2. und 16. Dezember<\/p>\n<p style=\"text-align: justify\">W\u00e4hrend Sie als Angeh\u00f6riger sich eine Pause vom Betreuungsalltag g\u00f6nnen, verbringt Ihr an Demenz erkranktes Familienmitglied einen bunten Wohlf\u00fchlnachmittag in fr\u00f6hlicher Atmosph\u00e4re.<\/p>\n<p style=\"text-align: justify\">Das Programm wird von Anita Dunst und ehrenamtlichen Helferinnen und Helfern abwechslungsreich gestaltet und den\u00a0Bed\u00fcrfnissen der individuellen BesucherInnen sorgf\u00e4ltig\u00a0angepasst.<\/p>\n<ul style=\"text-align: justify\">\n<li>Bewegungsspiele, k\u00f6rperliches Training<\/li>\n<li>Ged\u00e4chtnis- und Konzentrationsspiele<\/li>\n<li>emotionale Aufmunterung<\/li>\n<li>Erinnerungsarbeit<\/li>\n<li>\u00dcbungen zur Erhaltung der Alltagsfunktionen<\/li>\n<li>Wahrnehmung mit allen Sinnen<\/li>\n<li>Musik und Kreativit\u00e4t<\/li>\n<\/ul>\n<p style=\"text-align: justify\"><strong>Kontakt:<\/strong> Fr. Anita Dunst, Tel: 0664 354 6599, Mail: anita.dunst@aon.at<\/p>\n<p style=\"text-align: justify\">Genauere Infos finden Sie <a href=\"https:\/\/blog.fh-kaernten.at\/demenzfreundliche-modellgemeinden\/files\/2020\/02\/Folder_Seniorencafe_A5-web_Ort-neu.pdf\">HIER<\/a>!<\/p>\n","protected":false},"excerpt":{"rendered":"<p>Im Sinne der Covid-19-Verordnungen ist eine Voranmeldung zu allen Terminen und Veranstaltungen bis auf Weiteres erforderlich, um alle Vorsichtsma\u00dfnahmen einhalten zu k\u00f6nnen. (28.09.2020) &nbsp; \u201eGria\u00df enk die Madln, servas die Buam\u201c Wir m\u00f6chten Menschen mit Demenz aus Moosburg und den umliegenden Gemeinden herzlich in unser Caf\u00e9 einladen! WO: Karolinger Saal,<a class=\"moretag\" href=\"https:\/\/blog.fh-kaernten.at\/demenzfreundliche-modellgemeinden\/termine\/seniorinnen-demenzcafe\/\"> Weiterlesen<\/a><\/p>\n","protected":false},"author":154,"featured_media":0,"parent":27,"menu_order":0,"comment_status":"closed","ping_status":"closed","template":"","meta":{"inline_featured_image":false,"footnotes":""},"class_list":["post-498","page","type-page","status-publish","hentry"],"_links":{"self":[{"href":"https:\/\/blog.fh-kaernten.at\/demenzfreundliche-modellgemeinden\/wp-json\/wp\/v2\/pages\/498","targetHints":{"allow":["GET"]}}],"collection":[{"href":"https:\/\/blog.fh-kaernten.at\/demenzfreundliche-modellgemeinden\/wp-json\/wp\/v2\/pages"}],"about":[{"href":"https:\/\/blog.fh-kaernten.at\/demenzfreundliche-modellgemeinden\/wp-json\/wp\/v2\/types\/page"}],"author":[{"embeddable":true,"href":"https:\/\/blog.fh-kaernten.at\/demenzfreundliche-modellgemeinden\/wp-json\/wp\/v2\/users\/154"}],"replies":[{"embeddable":true,"href":"https:\/\/blog.fh-kaernten.at\/demenzfreundliche-modellgemeinden\/wp-json\/wp\/v2\/comments?post=498"}],"version-history":[{"count":0,"href":"https:\/\/blog.fh-kaernten.at\/demenzfreundliche-modellgemeinden\/wp-json\/wp\/v2\/pages\/498\/revisions"}],"up":[{"embeddable":true,"href":"https:\/\/blog.fh-kaernten.at\/demenzfreundliche-modellgemeinden\/wp-json\/wp\/v2\/pages\/27"}],"wp:attachment":[{"href":"https:\/\/blog.fh-kaernten.at\/demenzfreundliche-modellgemeinden\/wp-json\/wp\/v2\/media?parent=498"}],"curies":[{"name":"wp","href":"https:\/\/api.w.org\/{rel}","templated":true}]}}