{"id":23,"date":"2018-03-09T07:36:02","date_gmt":"2018-03-09T06:36:02","guid":{"rendered":"http:\/\/blog.fh-kaernten.at\/demenzfreundliche-modellgemeinden\/?page_id=23"},"modified":"2019-11-20T08:48:36","modified_gmt":"2019-11-20T07:48:36","slug":"fragen-zur-demenz","status":"publish","type":"page","link":"https:\/\/blog.fh-kaernten.at\/demenzfreundliche-modellgemeinden\/fragen-zur-demenz\/","title":{"rendered":"Fragen zur Demenz"},"content":{"rendered":"<p><strong><img fetchpriority=\"high\" decoding=\"async\" class=\"alignleft size-medium wp-image-107\" src=\"https:\/\/blog.fh-kaernten.at\/demenzfreundliche-modellgemeinden\/files\/2018\/04\/COLOURBOX26827728_pusteblume_gruen-1-300x196.jpg\" alt=\"\" width=\"300\" height=\"196\" srcset=\"https:\/\/blog.fh-kaernten.at\/demenzfreundliche-modellgemeinden\/files\/2018\/04\/COLOURBOX26827728_pusteblume_gruen-1-300x196.jpg 300w, https:\/\/blog.fh-kaernten.at\/demenzfreundliche-modellgemeinden\/files\/2018\/04\/COLOURBOX26827728_pusteblume_gruen-1-768x502.jpg 768w, https:\/\/blog.fh-kaernten.at\/demenzfreundliche-modellgemeinden\/files\/2018\/04\/COLOURBOX26827728_pusteblume_gruen-1-1024x669.jpg 1024w, https:\/\/blog.fh-kaernten.at\/demenzfreundliche-modellgemeinden\/files\/2018\/04\/COLOURBOX26827728_pusteblume_gruen-1-1216x794.jpg 1216w, https:\/\/blog.fh-kaernten.at\/demenzfreundliche-modellgemeinden\/files\/2018\/04\/COLOURBOX26827728_pusteblume_gruen-1-383x250.jpg 383w, https:\/\/blog.fh-kaernten.at\/demenzfreundliche-modellgemeinden\/files\/2018\/04\/COLOURBOX26827728_pusteblume_gruen-1.jpg 1338w\" sizes=\"(max-width: 300px) 100vw, 300px\" \/>Was bedeutet Demenz?<\/strong><\/p>\n<p style=\"text-align: justify\">Demenz ist ein Sammelbegriff f\u00fcr viele verschiedene Erkrankungen. Die bekannteste Demenzerkrankung ist der Morbus Alzheimer. Etwas vereinfachend auf den Punkt gebracht steht Demenz f\u00fcr den schleichenden Untergang von Gehirnzellen.<\/p>\n<p style=\"text-align: justify\">Diese chronisch fortschreitenden degenerativen Ver\u00e4nderungen erstrecken sich \u00fcber Monate und Jahre. Vor allem F\u00e4higkeiten wie Erinnern, Erkennen, Denken, Schlussfolgern und Urteilen gehen dabei nach und nach verloren.<\/p>\n<p><strong>\u00a0<\/strong><\/p>\n<p><strong>Was ist \u201eAlzheimer\u201c?<\/strong><\/p>\n<p style=\"text-align: justify\">Der Morbus Alzheimer ist die bekannteste Demenzerkrankung. Im Jahr 1901 beschrieb der deutsche Arzt Alois Alzheimer erstmals einen Fall (Auguste Deter) dieser Erkrankung. Sp\u00e4ter wurde diese als Alzheimer-Erkrankung bekannt.<\/p>\n<p style=\"text-align: justify\">Beim \u201eAlzheimer\u201c verlieren Gehirnzellen, die das Denken, Sprechen, F\u00fchlen, Planen und Handeln steuern sollen, nach und nach ihre Funktion und sterben dann ab. Zugleich sinkt die Produktion von k\u00f6rpereigenen Botenstoffen wie dem Acetylcholin, das am Austausch von Informationen zwischen den Gehirnzellen beteiligt ist. Zusammen f\u00fchren diese beiden Ver\u00e4nderungen schlie\u00dflich zu den Symptomen einer Demenz.<\/p>\n<p>&nbsp;<\/p>\n<p><strong>Wie unterscheidet sich eine Demenz von einer harmlosen Altersvergesslichkeit?<\/strong><\/p>\n<p style=\"text-align: justify\">Den Geburtstag des besten Freundes vergessen? Nicht an den Hochzeitstag gedacht? Einen uralten Bekannten nicht gleich wiedererkannt? Keine Sorge, gelegentliche Vergesslichkeit ist kein Hinweis auf eine Demenz. Besonders dann nicht, wenn sie den Alltag nicht ernsthaft beeintr\u00e4chtigt. Gerade \u00e4ltere Menschen brauchen mitunter mehr Zeit, um Neues zu lernen und sich an Vergangenes zu erinnern.<\/p>\n<p style=\"text-align: justify\">Auch eine Demenz beginnt jedoch oft mit Kleinigkeiten. Allerdings sind diese bei genauem Hinsehen eher ungew\u00f6hnlich und auff\u00e4llig. So werden bei einer Demenz im Fr\u00fchstadium beispielsweise nicht nur wiederholt Namen und W\u00f6rter vergessen. Auch vor kurzem Abgesprochenes \u2013 \u201eWir fahren jetzt zum Zahnarzt, danach einkaufen.\u201c \u2013 ist bereits nach wenigen Minuten wieder vergessen (Kurzzeitged\u00e4chtnis baut ab!). Die Betroffenen k\u00f6nnen sich nicht mehr daran erinnern.<\/p>\n<p>&nbsp;<\/p>\n<p style=\"text-align: justify\"><strong>Sieht man Demenzkranken die Erkrankung an?<\/strong><\/p>\n<p>Nein, eindeutige k\u00f6rperliche Merkmale gibt es bei einer Demenz nicht.<\/p>\n<p>&nbsp;<\/p>\n<p><strong>Ist eine Demenz ansteckend?<\/strong><\/p>\n<p style=\"text-align: justify\">Nein, eine Demenzerkrankung wird nicht durch Krankheitserreger wie Viren oder Bakterien \u00fcbertragen. M\u00f6glich ist aber, dass eine besonders schwere Infektion des Gehirns letztendlich zu einer Demenz f\u00fchrt. Eine generelle Ansteckungsgefahr ist damit aber nicht gegeben.<\/p>\n","protected":false},"excerpt":{"rendered":"<p>Was bedeutet Demenz? Demenz ist ein Sammelbegriff f\u00fcr viele verschiedene Erkrankungen. Die bekannteste Demenzerkrankung ist der Morbus Alzheimer. Etwas vereinfachend auf den Punkt gebracht steht Demenz f\u00fcr den schleichenden Untergang von Gehirnzellen. Diese chronisch fortschreitenden degenerativen Ver\u00e4nderungen erstrecken sich \u00fcber Monate und Jahre. Vor allem F\u00e4higkeiten wie Erinnern, Erkennen, Denken,<a class=\"moretag\" href=\"https:\/\/blog.fh-kaernten.at\/demenzfreundliche-modellgemeinden\/fragen-zur-demenz\/\"> Weiterlesen<\/a><\/p>\n","protected":false},"author":48,"featured_media":0,"parent":0,"menu_order":0,"comment_status":"closed","ping_status":"closed","template":"","meta":{"inline_featured_image":false,"footnotes":""},"class_list":["post-23","page","type-page","status-publish","hentry"],"_links":{"self":[{"href":"https:\/\/blog.fh-kaernten.at\/demenzfreundliche-modellgemeinden\/wp-json\/wp\/v2\/pages\/23","targetHints":{"allow":["GET"]}}],"collection":[{"href":"https:\/\/blog.fh-kaernten.at\/demenzfreundliche-modellgemeinden\/wp-json\/wp\/v2\/pages"}],"about":[{"href":"https:\/\/blog.fh-kaernten.at\/demenzfreundliche-modellgemeinden\/wp-json\/wp\/v2\/types\/page"}],"author":[{"embeddable":true,"href":"https:\/\/blog.fh-kaernten.at\/demenzfreundliche-modellgemeinden\/wp-json\/wp\/v2\/users\/48"}],"replies":[{"embeddable":true,"href":"https:\/\/blog.fh-kaernten.at\/demenzfreundliche-modellgemeinden\/wp-json\/wp\/v2\/comments?post=23"}],"version-history":[{"count":0,"href":"https:\/\/blog.fh-kaernten.at\/demenzfreundliche-modellgemeinden\/wp-json\/wp\/v2\/pages\/23\/revisions"}],"wp:attachment":[{"href":"https:\/\/blog.fh-kaernten.at\/demenzfreundliche-modellgemeinden\/wp-json\/wp\/v2\/media?parent=23"}],"curies":[{"name":"wp","href":"https:\/\/api.w.org\/{rel}","templated":true}]}}