{"id":17,"date":"2018-03-09T07:23:24","date_gmt":"2018-03-09T06:23:24","guid":{"rendered":"http:\/\/blog.fh-kaernten.at\/demenzfreundliche-modellgemeinden\/?page_id=17"},"modified":"2019-11-28T10:17:38","modified_gmt":"2019-11-28T09:17:38","slug":"aktion-demenz-in-moosburg","status":"publish","type":"page","link":"https:\/\/blog.fh-kaernten.at\/demenzfreundliche-modellgemeinden\/aktion-demenz-in-moosburg\/","title":{"rendered":"Aktion Demenz Moosburg"},"content":{"rendered":"<blockquote><p>Donkschean, dass Du mi nit vergessen loascht, dass i den Tog vergessen hob.<\/p><\/blockquote>\n<p style=\"text-align: right\"><span style=\"font-size: 10pt\">Demenzerkrankter an seine Betreuerin<\/span><\/p>\n<table style=\"background-color: #f2f3f4\">\n<tbody>\n<tr>\n<td><span style=\"color: #17202a\">Unser Thema:<strong> DEMENZ<br \/>\n<\/strong>Unser Weg:<strong> HAT BEGONNEN<\/strong><strong><br \/>\n<\/strong>Unsere Haltung:<strong> DARAUF K\u00d6NNEN SIE SICH VERLASSEN!<\/strong><\/span><\/td>\n<\/tr>\n<\/tbody>\n<\/table>\n<p><span style=\"font-size: 18pt\"><strong><br \/>\n<\/strong><img fetchpriority=\"high\" decoding=\"async\" class=\"alignleft size-medium wp-image-107\" src=\"https:\/\/blog.fh-kaernten.at\/demenzfreundliche-modellgemeinden\/files\/2018\/04\/COLOURBOX26827728_pusteblume_gruen-1-300x196.jpg\" alt=\"\" width=\"300\" height=\"196\" srcset=\"https:\/\/blog.fh-kaernten.at\/demenzfreundliche-modellgemeinden\/files\/2018\/04\/COLOURBOX26827728_pusteblume_gruen-1-300x196.jpg 300w, https:\/\/blog.fh-kaernten.at\/demenzfreundliche-modellgemeinden\/files\/2018\/04\/COLOURBOX26827728_pusteblume_gruen-1-768x502.jpg 768w, https:\/\/blog.fh-kaernten.at\/demenzfreundliche-modellgemeinden\/files\/2018\/04\/COLOURBOX26827728_pusteblume_gruen-1-1024x669.jpg 1024w, https:\/\/blog.fh-kaernten.at\/demenzfreundliche-modellgemeinden\/files\/2018\/04\/COLOURBOX26827728_pusteblume_gruen-1-1216x794.jpg 1216w, https:\/\/blog.fh-kaernten.at\/demenzfreundliche-modellgemeinden\/files\/2018\/04\/COLOURBOX26827728_pusteblume_gruen-1-383x250.jpg 383w, https:\/\/blog.fh-kaernten.at\/demenzfreundliche-modellgemeinden\/files\/2018\/04\/COLOURBOX26827728_pusteblume_gruen-1.jpg 1338w\" sizes=\"(max-width: 300px) 100vw, 300px\" \/><strong>Unsere Grunds\u00e4tze<\/strong><\/span><\/p>\n<ul>\n<li>Toleranz \u2013 wir h\u00f6ren zu<\/li>\n<li>Gemeinsamkeit \u2013 ALLE<\/li>\n<li>Verl\u00e4sslichkeit<\/li>\n<li>Unterst\u00fctzung<\/li>\n<li>Offenheit<\/li>\n<li>De-Mut zur Demenz<\/li>\n<\/ul>\n<p class=\"p1\" style=\"text-align: justify\"><span class=\"s1\">Der Verein Aktion Demenz Moosburg ist eine Arbeitsgruppe<\/span>, welche sich anl\u00e4sslich des Projektes \u201eDemenzfreundliche Modellgemeinde Moosburg\u201c im Mai 2016 gefunden hat. Unter der Leitung von Mag.<sup>a <\/sup>Sabine Battistata haben sich 10 in Moosburg lebende bzw. arbeitende Menschen zusammengetan, um dem Thema Demenz ein Gesicht bzw. zehn Stimmen zu geben.<\/p>\n<p style=\"text-align: justify\">Die Mitglieder der Gruppe wollen gemeinsam mit den KooperationspartnerInnen im Rahmen des Projektes \u201eDemenzfreundliche Modellgemeinde Moosburg\u201c in den n\u00e4chsten 2 Jahren an der Verbesserung der Lebensqualit\u00e4t f\u00fcr Menschen mit demenziellen Beeintr\u00e4chtigungen und deren Angeh\u00f6rigen arbeiten. <strong>Im Sinne des b\u00fcrgerschaftlichen und nachbarschaftlichen Engagements wird eine neue Kultur des sozialen Miteinanders gelebt.<\/strong><\/p>\n<p style=\"text-align: justify\">Ein weiteres Ziel des\u00a0<span class=\"s1\">Vereins Aktion Demenz Moosburg\u00a0<\/span>ist es auch, mit anderen Gemeinden regional \u00fcbergreifend zu diesem wichtigen gesellschaftlichen Thema in den Austausch zu gehen und zusammen zu arbeiten. Es gilt demenzfreundliche Lebenswelten zu schaffen.<\/p>\n<p style=\"text-align: justify\">Der Verein\u00a0<span class=\"s1\">Aktion Demenz Moosburg<\/span> arbeitet eng mit dem Alternsforschungs-zentrum IARA der Fachhochschule K\u00e4rnten und der aktion demenz in Vorarlberg zusammen.<\/p>\n<p>&nbsp;<\/p>\n<p><img decoding=\"async\" src=\"https:\/\/blog.fh-kaernten.at\/demenzfreundliche-modellgemeinden\/files\/2019\/11\/Vereinsmitglieder_2019-1024x596.jpg\" alt=\"\" class=\"alignnone size-large wp-image-880\" width=\"750\" height=\"437\" srcset=\"https:\/\/blog.fh-kaernten.at\/demenzfreundliche-modellgemeinden\/files\/2019\/11\/Vereinsmitglieder_2019-1024x596.jpg 1024w, https:\/\/blog.fh-kaernten.at\/demenzfreundliche-modellgemeinden\/files\/2019\/11\/Vereinsmitglieder_2019-300x175.jpg 300w, https:\/\/blog.fh-kaernten.at\/demenzfreundliche-modellgemeinden\/files\/2019\/11\/Vereinsmitglieder_2019-768x447.jpg 768w, https:\/\/blog.fh-kaernten.at\/demenzfreundliche-modellgemeinden\/files\/2019\/11\/Vereinsmitglieder_2019-1536x894.jpg 1536w, https:\/\/blog.fh-kaernten.at\/demenzfreundliche-modellgemeinden\/files\/2019\/11\/Vereinsmitglieder_2019-2048x1192.jpg 2048w\" sizes=\"(max-width: 750px) 100vw, 750px\" \/><\/p>\n<table style=\"border-collapse: collapse;width: 100%;height: 235px\">\n<tbody>\n<tr>\n<td style=\"width: 50%;text-align: center\" colspan=\"2\"><span style=\"font-size: 18pt\"><strong><em>Vorstand des Vereins<\/em><\/strong><\/span><\/td>\n<\/tr>\n<tr style=\"height: 32px\">\n<td style=\"width: 50%;text-align: right;height: 32px\"><em>Obfrau:<\/em><\/td>\n<td style=\"width: 50%;text-align: left;height: 32px\">Mag.<sup>a<\/sup> Sabine Battistata<\/td>\n<\/tr>\n<tr style=\"height: 29px\">\n<td style=\"width: 50%;text-align: right;height: 29px\"><em>Obfrau-Stellvertreter:<\/em><\/td>\n<td style=\"width: 50%;text-align: left;height: 29px\">Ursula Waltritsch<\/td>\n<\/tr>\n<tr style=\"height: 29px\">\n<td style=\"width: 50%;text-align: right;height: 29px\"><em>Schriftf\u00fchrerin:<\/em><\/td>\n<td style=\"width: 50%;text-align: left;height: 29px\">Gabriele Biedermann<\/td>\n<\/tr>\n<tr style=\"height: 29px\">\n<td style=\"width: 50%;text-align: right;height: 29px\"><em>Schriftf\u00fchrerin-Stellvertreterin:<\/em><\/td>\n<td style=\"width: 50%;text-align: left;height: 29px\">Heidi Isopp<\/td>\n<\/tr>\n<tr style=\"height: 29px\">\n<td style=\"width: 50%;text-align: right;height: 29px\"><em>Kassier:<\/em><\/td>\n<td style=\"width: 50%;text-align: left;height: 29px\">Dr. Max Heistinger<\/td>\n<\/tr>\n<tr style=\"height: 29px\">\n<td style=\"width: 50%;text-align: right;height: 29px\"><em>Kassier-Stellvertreterin:<\/em><\/td>\n<td style=\"width: 50%;text-align: left;height: 29px\">Andrea M\u00fcller, BA MA<\/td>\n<\/tr>\n<tr style=\"height: 29px\">\n<td style=\"width: 50%;text-align: right;height: 29px\"><em>Rechnungspr\u00fcferinnen:<\/em><\/td>\n<td style=\"width: 50%;text-align: left;height: 29px\">Elvira Podesser, Mihaela Popa<\/td>\n<\/tr>\n<tr style=\"height: 29px\">\n<td style=\"width: 50%;text-align: right;height: 29px\"><\/td>\n<td style=\"width: 50%;text-align: left;height: 29px\"><\/td>\n<\/tr>\n<\/tbody>\n<\/table>\n<p>&nbsp;<\/p>\n<p style=\"text-align: left\"><span style=\"font-size: 18pt\"><strong>Vereinsmitglieder <span style=\"font-size: 14pt\">(03\/2019)<\/span>:<\/strong><\/span><\/p>\n<ul>\n<li>Hannelore Dobernig<\/li>\n<li>Walter Dobernig<\/li>\n<li style=\"text-align: left\">Mag.<sup>a<\/sup> (FH) Dr.<sup>in<\/sup> phil. Gabriele Hagendorfer-Jauk<\/li>\n<li style=\"text-align: left\">Hermine Kogler<\/li>\n<li style=\"text-align: left\">Anita Maurer<\/li>\n<li style=\"text-align: left\">Hermann M\u00f6rtlitz<\/li>\n<\/ul>\n<p>&nbsp;<\/p>\n<p style=\"text-align: center\"><em><span style=\"font-size: 18pt\">Besuchen Sie uns <a href=\"https:\/\/www.facebook.com\/aktiondemenzmoosburg\/\">hier<\/a> auf Facebook!<\/span><\/em><\/p>\n","protected":false},"excerpt":{"rendered":"<p>Donkschean, dass Du mi nit vergessen loascht, dass i den Tog vergessen hob. Demenzerkrankter an seine Betreuerin Unser Thema: DEMENZ Unser Weg: HAT BEGONNEN Unsere Haltung: DARAUF K\u00d6NNEN SIE SICH VERLASSEN! Unsere Grunds\u00e4tze Toleranz \u2013 wir h\u00f6ren zu Gemeinsamkeit \u2013 ALLE Verl\u00e4sslichkeit Unterst\u00fctzung Offenheit De-Mut zur Demenz Der Verein Aktion<a class=\"moretag\" href=\"https:\/\/blog.fh-kaernten.at\/demenzfreundliche-modellgemeinden\/aktion-demenz-in-moosburg\/\"> Weiterlesen<\/a><\/p>\n","protected":false},"author":48,"featured_media":0,"parent":0,"menu_order":0,"comment_status":"closed","ping_status":"closed","template":"","meta":{"inline_featured_image":false,"footnotes":""},"class_list":["post-17","page","type-page","status-publish","hentry"],"_links":{"self":[{"href":"https:\/\/blog.fh-kaernten.at\/demenzfreundliche-modellgemeinden\/wp-json\/wp\/v2\/pages\/17","targetHints":{"allow":["GET"]}}],"collection":[{"href":"https:\/\/blog.fh-kaernten.at\/demenzfreundliche-modellgemeinden\/wp-json\/wp\/v2\/pages"}],"about":[{"href":"https:\/\/blog.fh-kaernten.at\/demenzfreundliche-modellgemeinden\/wp-json\/wp\/v2\/types\/page"}],"author":[{"embeddable":true,"href":"https:\/\/blog.fh-kaernten.at\/demenzfreundliche-modellgemeinden\/wp-json\/wp\/v2\/users\/48"}],"replies":[{"embeddable":true,"href":"https:\/\/blog.fh-kaernten.at\/demenzfreundliche-modellgemeinden\/wp-json\/wp\/v2\/comments?post=17"}],"version-history":[{"count":0,"href":"https:\/\/blog.fh-kaernten.at\/demenzfreundliche-modellgemeinden\/wp-json\/wp\/v2\/pages\/17\/revisions"}],"wp:attachment":[{"href":"https:\/\/blog.fh-kaernten.at\/demenzfreundliche-modellgemeinden\/wp-json\/wp\/v2\/media?parent=17"}],"curies":[{"name":"wp","href":"https:\/\/api.w.org\/{rel}","templated":true}]}}