{"id":91,"date":"2021-03-31T16:06:07","date_gmt":"2021-03-31T14:06:07","guid":{"rendered":"https:\/\/blog.fh-kaernten.at\/cofit\/?page_id=91"},"modified":"2021-06-09T09:04:24","modified_gmt":"2021-06-09T07:04:24","slug":"lern-tipps-tricks","status":"publish","type":"page","link":"https:\/\/blog.fh-kaernten.at\/cofit\/lern-tipps-tricks\/","title":{"rendered":"Lern-Tipps &#038; Tricks"},"content":{"rendered":"\n<p>In den folgenden Beitr\u00e4gen unter der Kategorie \u201eLern-Tipps &amp; Tricks\u201c wird es um die unterschiedlichen Lerntypen gehen. Im heutigen Post stellen wir die einzelnen Lerntypen einmal vor, damit du einordnen kannst, welchem Lerntyp du angeh\u00f6rst oder ob du eine Kombination aus verschiedenen Lerntypen bist.<\/p>\n\n\n\n<p>Jeder lernt auf unterschiedliche Art und Weise, wobei die Wahrnehmung \u00fcber unsere Sinne eine gro\u00dfe Rolle spielt. Wei\u00dft du einmal, welcher Lerntyp du bist, also \u00fcber welche Sinneseindr\u00fccke du dir Informationen am besten merken kannst, findest du in den darauffolgenden Beitr\u00e4gen zu \u201eLern-Tipps &amp; Tricks\u201c passende Lernstrategien. Mit diesen Strategien wird dir das Lernen zwar nicht erspart, jedoch kann dir mit Hilfe unserer Lernhilfen das t\u00e4gliche Lernen etwas einfacher gemacht werden. Du kannst mit dieser Methode den Stoff am besten verinnerlichen und so effizient wie m\u00f6glich f\u00fcr deine Pr\u00fcfungen lernen.<\/p>\n\n\n\n<h2 class=\"wp-block-heading\">Visueller Lerntyp<\/h2>\n\n\n\n<p>Geh\u00f6rst du dem visuellen Lerntyp an, so ist das Sehen, Lesen, Beobachten und Anschauen eine erfolgversprechende M\u00f6glichkeit, um sich einen Pr\u00fcfungsstoff bestm\u00f6glich zu merken. Menschen, die am leichtesten \u00fcber den visuellen Sinn lernen, erinnern sich oft genau, wo sie eine Information gelesen haben und wie diese gestaltet war.<\/p>\n\n\n\n<p>Je \u00fcbersichtlicher und ansprechender das Lernmaterial f\u00fcr das Auge gestaltet ist, desto leichter f\u00e4llt einem visuellen Lerntyp das Lernen. Visualisierungen wie beispielsweise Bilder, Filme, Diagramme oder Mindmaps unterst\u00fctzen ebenfalls den Lernprozess.<\/p>\n\n\n\n<h2 class=\"wp-block-heading\">Auditiver Lerntyp<\/h2>\n\n\n\n<p>F\u00fcr den auditiven Lerntyp ist das Zuh\u00f6ren die beste Art, um sich Lerninhalte zu merken. Geh\u00f6rst du diesem Lerntyp an, f\u00e4llt es dir sehr leicht, akustische Reize direkt zu verarbeiten, dazu geh\u00f6ren beispielsweise m\u00fcndliche Pr\u00e4sentationen, H\u00f6rb\u00fccher, lautes Vorlesen oder eigenes Verbalisieren.<\/p>\n\n\n\n<p>Student*innen dieses Lerntyps k\u00f6nnen somit die Vortr\u00e4ge von Vorlesenden gut aufnehmen, verstehen, speichern und auch wiedergeben, jedoch ben\u00f6tigen sie f\u00fcr visuelle Reize wie einem Diagramm oft eine m\u00fcndliche Erkl\u00e4rung.<\/p>\n\n\n\n<h2 class=\"wp-block-heading\">Haptischer\/Motorischer Lerntyp<\/h2>\n\n\n\n<p>Bist du eine dieser Personen, welche sich Lerninhalte am einfachsten durch \u201elearning by doing\u201c merkt und gerne direkt an Handlungsabl\u00e4ufen beteiligt ist, um diese zu verstehen, so geh\u00f6rst du vermutlich dem haptischen beziehungsweise motorischen Lerntyp an. Dieser Lerntypus sammelt gerne eigene Erfahrungen und zieht daraus die wichtigen Informationen.<\/p>\n\n\n\n<p>Bei theoretischen Lernmaterialien bringt Bewegung neuen Schwung in das Lernverhalten. Dabei k\u00f6nnen auch kleine Bewegungen unterst\u00fctzt durch taktile Reize, wie das Drehen von Stiften in den H\u00e4nden, den Prozess des Lernens unterst\u00fctzen.<\/p>\n\n\n\n<h2 class=\"wp-block-heading\">Kommunikativer Lerntyp<\/h2>\n\n\n\n<p>Der kommunikative Lerntyp versteht Inhalte am besten durch Zusammenh\u00e4nge, diese zieht er aus Diskussionen, bei denen mithilfe von Argumenten Lerninhalte infrage gestellt oder unterst\u00fctzt werden. Das Stellen und Beantworten von Fragen helfen diesen Personen den Lernstoff zu verinnerlichen.<\/p>\n\n\n\n<p>In Lerngruppen, die beispielsweise in Zeiten der Online-Lehre via MS Teams stattfinden, k\u00f6nnen Student*innen gut lernen, da es hierbei zu Kommunikation \u00fcber den Lernstoff mit den anderen Gruppenmitgliedern kommt.<\/p>\n\n\n\n<p><strong>Quellen<\/strong><\/p>\n\n\n\n<p>Kr\u00f6schel, S. (o. J.). Welcher Lerntyp bist du? geolino.de. Zugriff am 21.3.2021. Verf\u00fcgbar unter: h<a rel=\"noreferrer noopener\" href=\"\/\/www.geo.de\/geolino\/mensch\/5849-rtkl-lernen-welcher-lerntyp-bist-du\" target=\"_blank\">ttps:\/\/www.geo.de\/geolino\/mensch\/5849-rtkl-lernen-welcher-lerntyp-bist-du<\/a><br>Rassek, A. (2019). Lerntypen: Zu welchem der vier geh\u00f6ren Sie? karrierebibel.de. Zugriff am 21.3.2021. Verf\u00fcgbar unter: <a rel=\"noreferrer noopener\" href=\"https:\/\/karrierebibel.de\/lerntypen\/\" target=\"_blank\">https:\/\/karrierebibel.de\/lerntypen\/<\/a><br>Sarah. (2021). Lerntypen: Die besten Lerntipps f\u00fcr jeden Studi! iamstudent.de. Zugriff am 21.3.2021. Verf\u00fcgbar unter: <a rel=\"noreferrer noopener\" href=\"https:\/\/www.iamstudent.de\/blog\/was-fuer-ein-lerntyp-bist-du\/\" target=\"_blank\">https:\/\/www.iamstudent.de\/blog\/was-fuer-ein-lerntyp-bist-du\/<\/a><br>Studienkreis GmbH. (o. J.). Lerntypen. tutoria.de. Zugriff am 21.3.2021. Verf\u00fcgbar unter: <a href=\"https:\/\/www.tutoria.de\/schule-ratgeber\/lerntipps\/lerntypen\">https:\/\/www.tutoria.de\/schule-ratgeber\/lerntipps\/lerntypen<\/a><\/p>\n\n\n\n<p><strong>Foto<\/strong><br>Copyright: Lukas Blazek, Unsplash<\/p>\n\n\n\n<h4 class=\"wp-block-heading\"><strong><strong>WEITERE BEITR\u00c4GE ZUM THEM<\/strong><\/strong>A LERN-TIPPS &amp; TRICKS<\/h4>\n\n\n\n<ul class=\"wp-block-list\"><li><a rel=\"noreferrer noopener\" href=\"http:\/\/blog.fh-kaernten.at\/cofit\/files\/2021\/04\/Visueller-Lerntyp_Kategorie-Lern_Tipps_Tricks.pdf\" target=\"_blank\">Visueller Lerntyp<\/a><\/li><li><a rel=\"noreferrer noopener\" href=\"http:\/\/blog.fh-kaernten.at\/cofit\/files\/2021\/05\/12_Auditiver-Lerntyp_Kategorie-Lern-Tipps-Tricks.pdf\" target=\"_blank\">Auditiver Lerntyp<\/a><\/li><li><a href=\"http:\/\/blog.fh-kaernten.at\/cofit\/files\/2021\/05\/17_Motorischer-Haptischer-Lerntyp_Kategorie-Lern-Tipps-Tricks.pdf\">Motorischer<strong>\/<\/strong>Haptischer Lerntyp<\/a><\/li><li><a href=\"http:\/\/blog.fh-kaernten.at\/cofit\/files\/2021\/06\/22_Kommunikativer-Lerntyp_Kategorie-Lern-Tipps-Tricks.pdf\" target=\"_blank\" rel=\"noreferrer noopener\">Kommunikativer Lerntyp<\/a><\/li><\/ul>\n","protected":false},"excerpt":{"rendered":"<p>In den folgenden Beitr\u00e4gen unter der Kategorie \u201eLern-Tipps &amp; Tricks\u201c wird es um die unterschiedlichen Lerntypen gehen. Im heutigen Post stellen wir [&hellip;]<\/p>\n","protected":false},"author":48,"featured_media":79,"parent":0,"menu_order":0,"comment_status":"closed","ping_status":"closed","template":"page-templates\/page_fullwidth.php","meta":{"inline_featured_image":false,"footnotes":""},"class_list":["post-91","page","type-page","status-publish","has-post-thumbnail","hentry"],"_links":{"self":[{"href":"https:\/\/blog.fh-kaernten.at\/cofit\/wp-json\/wp\/v2\/pages\/91","targetHints":{"allow":["GET"]}}],"collection":[{"href":"https:\/\/blog.fh-kaernten.at\/cofit\/wp-json\/wp\/v2\/pages"}],"about":[{"href":"https:\/\/blog.fh-kaernten.at\/cofit\/wp-json\/wp\/v2\/types\/page"}],"author":[{"embeddable":true,"href":"https:\/\/blog.fh-kaernten.at\/cofit\/wp-json\/wp\/v2\/users\/48"}],"replies":[{"embeddable":true,"href":"https:\/\/blog.fh-kaernten.at\/cofit\/wp-json\/wp\/v2\/comments?post=91"}],"version-history":[{"count":0,"href":"https:\/\/blog.fh-kaernten.at\/cofit\/wp-json\/wp\/v2\/pages\/91\/revisions"}],"wp:featuredmedia":[{"embeddable":true,"href":"https:\/\/blog.fh-kaernten.at\/cofit\/wp-json\/wp\/v2\/media\/79"}],"wp:attachment":[{"href":"https:\/\/blog.fh-kaernten.at\/cofit\/wp-json\/wp\/v2\/media?parent=91"}],"curies":[{"name":"wp","href":"https:\/\/api.w.org\/{rel}","templated":true}]}}