{"id":89,"date":"2021-03-31T16:04:50","date_gmt":"2021-03-31T14:04:50","guid":{"rendered":"https:\/\/blog.fh-kaernten.at\/cofit\/?page_id=89"},"modified":"2021-06-09T09:04:58","modified_gmt":"2021-06-09T07:04:58","slug":"den-online-arbeitsplatz-gestalten","status":"publish","type":"page","link":"https:\/\/blog.fh-kaernten.at\/cofit\/den-online-arbeitsplatz-gestalten\/","title":{"rendered":"Den \u201eOnline\u201c-Arbeitsplatz gestalten"},"content":{"rendered":"\n<p>Seit etwa einem Jahr finden die meisten Lehrveranstaltungen, Seminare und Co. an diversen Hochschulen im virtuellen Raum statt. Der Online-Modus hat inzwischen ein gewisses Ma\u00df an Routine entwickelt und pl\u00e4tschert gemeinsam mit dem \u201enormalen\u201c Studienalltag nun eben virtuell dahin. \u201eOnline\u201c, \u201evirtuell\u201c, \u201edigital\u201c, \u201eim Netz\u201c \u2013 all diese Worte w\u00e4ren jedoch ohne physische Objekte und uns als sendende bzw. empfangende Personen bedeutungslos. Alles was wir online tun, findet gleichzeitig in unserer unmittelbaren physischen Umgebung statt. Egal ob wir den Stand-PC, ein Notebook oder ein mobiles Ger\u00e4t nutzen, das Endger\u00e4t ist das physische Objekt, welches quasi die Verbindung zur digitalen Welt herstellt. In den Beitr\u00e4gen unter der Kategorie \u201eOnline-Arbeitsplatz-Optimierung\u201c besch\u00e4ftigen wir uns daher mit der unmittelbaren, physischen Arbeitsumgebung, in der wir unser(e) Endger\u00e4t(e) nutzen.<\/p>\n\n\n\n<p>F\u00fcr Arbeitnehmer*innen in \u00d6sterreich sind gewisse Mindeststandards, die der Arbeitsplatz erf\u00fcllen muss, im ArbeitnehmerInnenschutzgesetzes (ASchG) und f\u00fcr Bildschirmarbeitspl\u00e4tze zudem in der Bildschirmarbeitsverordnung (BS-V) gesetzlich festgelegt. Der Begriff Ergonomie am Arbeitsplatz ist im Berufsalltag l\u00e4ngst angekommen. Ergonomie leitet sich vom griechischen \u201e\u00e9rgon\u201c f\u00fcr Arbeit, Handlung bzw. Tat und \u201en\u00f3mos\u201c f\u00fcr Gesetz bzw. Verordnung ab. Als Wissenschaft besch\u00e4ftigt sich die Ergonomie mit dem arbeitenden bzw. t\u00e4tigen Menschen und den Belastungen, die w\u00e4hrend der Arbeits- bzw. T\u00e4tigkeitsausf\u00fchrung auf den Menschen einwirken. Zwar werden Studierende vor dem Gesetz nicht als \u201eArbeitnehmer*innen\u201c eingestuft, sodass die erw\u00e4hnten Gesetze und Verordnungen auch f\u00fcr uns gelten w\u00fcrden, jedoch sollten wir den Erkenntnissen aus der Ergonomie auch f\u00fcr unseren Studien-Alltag Beachtung schenken. Oder w\u00fcrdest du etwa abstreiten, dass du als Studierende*r derzeit einer T\u00e4tigkeit nach gehst, die in vielerlei Hinsicht mit der Arbeit an einem Bildschirmarbeitsplatz vergleichbar ist?<\/p>\n\n\n\n<p>Hinter dem Begriff \u201eErgonomie\u201c versteckt sich eine riesige Menge an Wissen, dessen Ausma\u00df wir in diesem Blog nicht einmal ansatzweise anreisen k\u00f6nnen. Wichtig zu wissen ist, dass dabei immer der Mensch im Mittelpunkt steht und Ergonomie darauf abzielt, die individuelle Beanspruchung des Menschen durch die Arbeit und dabei entstehende Belastungen so gering wie m\u00f6glich zu halten. Neben k\u00f6rperliche Belastungen wirken bei der Arbeit oder in unserem Fall beim Studieren auch psychische Belastungen, Belastungen, die sich aus der Arbeitsorganisation aber auch aus der Arbeitszeit und Pausengestaltung ergeben, auf uns ein. Wie sehr der einzelne Mensch durch die Arbeit beansprucht wird, h\u00e4ngt neben der H\u00f6he der Belastungen stark davon ab, welche Voraussetzungen die Person mit sich bringt. So kann beispielsweise ein und dieselbe Aufgabe eine Person unterfordern, eine andere Person \u00fcberfordern, und f\u00fcr eine weitere Person ist sie genau \u201erichtig\u201c.<\/p>\n\n\n\n<p>In den Beitr\u00e4gen zur Online-Arbeitsplatz-Optimierung werden wir euch haupts\u00e4chlich hilfreiche Infos und Tipps liefern, wie ihr die k\u00f6rperliche Belastung durch die bewusste Gestaltung eures physisch realen Online-Arbeitsplatzes reduzieren und dadurch muskuloskelettale Beschwerden und Erkrankungen vorbeugen k\u00f6nnt.<\/p>\n\n\n\n<p>Wenn wissen willst, worauf du bei der technischen Ausstattung und der Anpassung deines pers\u00f6nlichen Arbeitsplatzes an dich als Individuum achten solltet und welche Umwelteinfl\u00fcsse bei der Online-Lehre sonst noch so auf dich einwirken, wirst du in den kommenden Wochen hier f\u00fcndig werden. Auch die Beitr\u00e4ge in den anderen Kategorien liefern dir Tipps und Tricks, wie du deine Leistungsf\u00e4higkeit verbessern, die individuelle Beanspruchung minimieren und mehr Ausgeglichenheit in den Online-Studienalltag bringen kannst!<\/p>\n\n\n\n<p><strong>Quellen<\/strong><br>Allgemeine Unfallversicherungsanstalt. (2015). Ergonomie. Zugriff am 11.3.2021. Verf\u00fcgbar unter: <a href=\"https:\/\/www.auva.at\/cdscontent\/load?contentid=10008.544627&amp;version=1520427261\">https:\/\/www.auva.at\/cdscontent\/load?contentid=10008.544627&amp;version=1520427261<\/a><\/p>\n\n\n\n<p><strong>Foto<\/strong><br>Copyright Sanni Sahil, Unsplash<\/p>\n\n\n\n<h4 class=\"wp-block-heading\"><strong><strong>WEITERE BEITR\u00c4GE ZUM THEM<\/strong><\/strong>A ONLINE-ARBEITSPLATZ-OPTIMIERUNG<\/h4>\n\n\n\n<ul class=\"wp-block-list\"><li><a rel=\"noreferrer noopener\" href=\"http:\/\/blog.fh-kaernten.at\/cofit\/files\/2021\/04\/Der-ideale-Bildschirmarbeitsplatz_Kategorie-Online_Arbeitsplatz_Optimierung.pdf\" target=\"_blank\">Der ideale Bildschirmarbeitsplatz<\/a><\/li><li><a rel=\"noreferrer noopener\" href=\"http:\/\/blog.fh-kaernten.at\/cofit\/files\/2021\/05\/11_Dein-perso\u0308nlicher-Online-Arbeitsplatz_Kategorie-Online-Arbeitsplatz-Optimierung.pdf\" target=\"_blank\">Dein pers\u00f6nlicher Online-Arbeitsplatz<\/a><\/li><li><a rel=\"noreferrer noopener\" href=\"http:\/\/blog.fh-kaernten.at\/cofit\/files\/2021\/05\/16_Umgebungsfaktoren-am-Arbeitsplatz-\u2013-Worauf-du-achten-kannst_Kategorie-Online-Arbeitsplatz-Optimierung.pdf\" target=\"_blank\">Umgebungsfaktoren am Arbeitsplatz \u2013 Worauf du achten solltest<\/a><\/li><li><a href=\"http:\/\/blog.fh-kaernten.at\/cofit\/files\/2021\/06\/21_So-wirken-Licht-und-Farbgestaltung-am-Arbeitsplatz_Kategorie-Online-Arbeitsplatz-Optimierung.pdf\" target=\"_blank\" rel=\"noreferrer noopener\">So wirken Licht und Farbgestaltung am Arbeitsplatz<\/a><\/li><\/ul>\n","protected":false},"excerpt":{"rendered":"<p>Seit etwa einem Jahr finden die meisten Lehrveranstaltungen, Seminare und Co. an diversen Hochschulen im virtuellen Raum statt. Der Online-Modus hat inzwischen [&hellip;]<\/p>\n","protected":false},"author":48,"featured_media":80,"parent":0,"menu_order":0,"comment_status":"closed","ping_status":"closed","template":"page-templates\/page_fullwidth.php","meta":{"inline_featured_image":false,"footnotes":""},"class_list":["post-89","page","type-page","status-publish","has-post-thumbnail","hentry"],"_links":{"self":[{"href":"https:\/\/blog.fh-kaernten.at\/cofit\/wp-json\/wp\/v2\/pages\/89","targetHints":{"allow":["GET"]}}],"collection":[{"href":"https:\/\/blog.fh-kaernten.at\/cofit\/wp-json\/wp\/v2\/pages"}],"about":[{"href":"https:\/\/blog.fh-kaernten.at\/cofit\/wp-json\/wp\/v2\/types\/page"}],"author":[{"embeddable":true,"href":"https:\/\/blog.fh-kaernten.at\/cofit\/wp-json\/wp\/v2\/users\/48"}],"replies":[{"embeddable":true,"href":"https:\/\/blog.fh-kaernten.at\/cofit\/wp-json\/wp\/v2\/comments?post=89"}],"version-history":[{"count":0,"href":"https:\/\/blog.fh-kaernten.at\/cofit\/wp-json\/wp\/v2\/pages\/89\/revisions"}],"wp:featuredmedia":[{"embeddable":true,"href":"https:\/\/blog.fh-kaernten.at\/cofit\/wp-json\/wp\/v2\/media\/80"}],"wp:attachment":[{"href":"https:\/\/blog.fh-kaernten.at\/cofit\/wp-json\/wp\/v2\/media?parent=89"}],"curies":[{"name":"wp","href":"https:\/\/api.w.org\/{rel}","templated":true}]}}